{"id":11046,"date":"2016-08-28T22:02:50","date_gmt":"2016-08-28T19:02:50","guid":{"rendered":"http:\/\/manoteises.lt\/?page_id=11046"},"modified":"2020-10-21T14:52:05","modified_gmt":"2020-10-21T11:52:05","slug":"icchokas-rudasevskis","status":"publish","type":"page","link":"https:\/\/manoteises.lt\/atminimo-akmenys\/vilnius\/icchokas-rudasevskis\/","title":{"rendered":"Icchokas Ruda\u0161evskis"},"content":{"rendered":"<h1><strong>Icchokas Ruda\u0161evskis\u00a0<\/strong><\/h1>\n<p>(g. 1927, su\u0161audytas 1943 m. spal\u012f Paneriuose).<\/p>\n<p style=\"text-align: justify;\">Vilniaus geto metra\u0161tininkas, palik\u0119s br\u0119stan\u010dio paauglio akimis atpasakot\u0105 gyvenimo gete dienora\u0161t\u012f.<\/p>\n<p style=\"text-align: justify;\">Literat\u016brai ir istorijai gabus Icchokas ra\u0161\u0117 pastabiai, o d\u0117l kvap\u0105 gniau\u017eian\u010dio geb\u0117jimo suvokti savo ir kit\u0173 emocijas Vilniaus geto gyvenim\u0105 perteik\u0117 ypa\u010d jautriai ir \u012ftaigiai \u2013 prad\u0117jus skaityti dienora\u0161t\u012f, sunku nuo jo atsitraukti.<\/p>\n<p style=\"text-align: justify;\">Toki\u0173 paaugli\u0173 dienora\u0161\u010di\u0173, para\u0161yt\u0173 getuose ar sl\u0117ptuv\u0117se, po Holokausto i\u0161liko kelios de\u0161imtys. Icchokas i\u0161siskyr\u0117 kaip paauglys, ra\u0161ym\u0105 suvok\u0119s ne tik kaip galimyb\u0119 papasakoti apie savo jausenas, bet ir fiksuoti \u012fvykius, o tuo pa\u010diu \u2012 ir istorij\u0105. \u201eManau, kad viskas turi b\u016bti u\u017era\u0161oma, net ir baisiausi \u012fvykiai. V\u0117liau viskas bus svarbu\u201c, \u2012 dienora\u0161tyje ra\u0161\u0117 Icchokas.<\/p>\n<p style=\"text-align: justify;\">1943 m. ruden\u012f, likviduojant Vilniaus get\u0105, Ruda\u0161evski\u0173 \u0161eima kartu su giminai\u010diais glaud\u0117si sl\u0117ptuv\u0117je. Deja, ji buvo atrasta, o Icchokas kartu su artimaisiais su\u0161audytas Paneriuose.<\/p>\n<p style=\"text-align: justify;\"><strong>Atminimo akmuo Icchokui Ruda\u0161evskiui \u012frengtas R\u016bdnink\u0173 g. 8, Vilniuje,\u00a0\u0161iame pastate Icchokas lank\u0117 CBS \u017dyd\u0173 realin\u0119 gimnazij\u0105.<\/strong><\/p>\n<div class=\"video-container\"><iframe loading=\"lazy\" title=\"\u201eAtminimo akmuo\u201c Icchokui Ruda\u0161evskiui. Kalba Amit Belait\u0117\" width=\"500\" height=\"281\" src=\"https:\/\/www.youtube.com\/embed\/D0fELu8aDoQ?feature=oembed\" frameborder=\"0\" allow=\"accelerometer; autoplay; clipboard-write; encrypted-media; gyroscope; picture-in-picture; web-share\" referrerpolicy=\"strict-origin-when-cross-origin\" allowfullscreen><\/iframe><\/div>\n","protected":false},"excerpt":{"rendered":"<p>Icchokas Ruda\u0161evskis\u00a0 (g. 1927, su\u0161audytas 1943 m. spal\u012f Paneriuose). Vilniaus geto metra\u0161tininkas, palik\u0119s br\u0119stan\u010dio paauglio akimis atpasakot\u0105 gyvenimo gete dienora\u0161t\u012f. Literat\u016brai ir istorijai gabus Icchokas ra\u0161\u0117 pastabiai, o d\u0117l kvap\u0105 gniau\u017eian\u010dio geb\u0117jimo suvokti savo ir kit\u0173 emocijas Vilniaus geto gyvenim\u0105 perteik\u0117 ypa\u010d jautriai ir \u012ftaigiai \u2013 prad\u0117jus skaityti dienora\u0161t\u012f, sunku nuo jo atsitraukti. Toki\u0173 paaugli\u0173<\/p>\n","protected":false},"author":15,"featured_media":0,"parent":10958,"menu_order":0,"comment_status":"closed","ping_status":"closed","template":"page-akmenys-vidinis.php","meta":{"_acf_changed":false,"footnotes":""},"class_list":["post-11046","page","type-page","status-publish","hentry"],"acf":[],"yoast_head":"<!-- This site is optimized with the Yoast SEO plugin v26.9 - https:\/\/yoast.com\/product\/yoast-seo-wordpress\/ -->\n<title>Icchokas Ruda\u0161evskis - Atminimo akmenys<\/title>\n<meta name=\"description\" content=\"Icchokas Ruda\u0161evskis, Vilniaus getas, Holokausto dienora\u0161\u010diai, Vilniaus geto biblioteka, R\u016bdnink\u0173 g. 8 Vilnius, \u017dyd\u0173 realin\u0117 gimnazija\" \/>\n<meta name=\"robots\" content=\"index, follow, max-snippet:-1, max-image-preview:large, max-video-preview:-1\" \/>\n<link rel=\"canonical\" href=\"https:\/\/manoteises.lt\/atminimo-akmenys\/vilnius\/icchokas-rudasevskis\/\" \/>\n<meta name=\"twitter:label1\" content=\"Est. reading time\" \/>\n\t<meta name=\"twitter:data1\" content=\"1 minute\" \/>\n<script type=\"application\/ld+json\" class=\"yoast-schema-graph\">{\"@context\":\"https:\/\/schema.org\",\"@graph\":[{\"@type\":\"WebPage\",\"@id\":\"https:\/\/manoteises.lt\/atminimo-akmenys\/vilnius\/icchokas-rudasevskis\/\",\"url\":\"https:\/\/manoteises.lt\/atminimo-akmenys\/vilnius\/icchokas-rudasevskis\/\",\"name\":\"Icchokas Ruda\u0161evskis\",\"isPartOf\":{\"@id\":\"https:\/\/manoteises.lt\/atminimo-akmenys\/#website\"},\"datePublished\":\"2016-08-28T19:02:50+00:00\",\"dateModified\":\"2020-10-21T11:52:05+00:00\",\"description\":\"Icchokas Ruda\u0161evskis, Vilniaus getas, Holokausto dienora\u0161\u010diai, Vilniaus geto biblioteka, R\u016bdnink\u0173 g. 8 Vilnius, \u017dyd\u0173 realin\u0117 gimnazija\",\"breadcrumb\":{\"@id\":\"https:\/\/manoteises.lt\/atminimo-akmenys\/vilnius\/icchokas-rudasevskis\/#breadcrumb\"},\"inLanguage\":\"en-US\",\"potentialAction\":[{\"@type\":\"ReadAction\",\"target\":[\"https:\/\/manoteises.lt\/atminimo-akmenys\/vilnius\/icchokas-rudasevskis\/\"]}]},{\"@type\":\"BreadcrumbList\",\"@id\":\"https:\/\/manoteises.lt\/atminimo-akmenys\/vilnius\/icchokas-rudasevskis\/#breadcrumb\",\"itemListElement\":[{\"@type\":\"ListItem\",\"position\":1,\"name\":\"Home\",\"item\":\"https:\/\/manoteises.lt\/atminimo-akmenys\/\"},{\"@type\":\"ListItem\",\"position\":2,\"name\":\"Vilnius\",\"item\":\"https:\/\/manoteises.lt\/atminimo-akmenys\/vilnius\/\"},{\"@type\":\"ListItem\",\"position\":3,\"name\":\"Icchokas Ruda\u0161evskis\"}]},{\"@type\":\"WebSite\",\"@id\":\"https:\/\/manoteises.lt\/atminimo-akmenys\/#website\",\"url\":\"https:\/\/manoteises.lt\/atminimo-akmenys\/\",\"name\":\"Atminimo akmenys\",\"description\":\"\",\"potentialAction\":[{\"@type\":\"SearchAction\",\"target\":{\"@type\":\"EntryPoint\",\"urlTemplate\":\"https:\/\/manoteises.lt\/atminimo-akmenys\/?s={search_term_string}\"},\"query-input\":{\"@type\":\"PropertyValueSpecification\",\"valueRequired\":true,\"valueName\":\"search_term_string\"}}],\"inLanguage\":\"en-US\"}]}<\/script>\n<!-- \/ Yoast SEO plugin. -->","yoast_head_json":{"title":"Icchokas Ruda\u0161evskis - Atminimo akmenys","description":"Icchokas Ruda\u0161evskis, Vilniaus getas, Holokausto dienora\u0161\u010diai, Vilniaus geto biblioteka, R\u016bdnink\u0173 g. 8 Vilnius, \u017dyd\u0173 realin\u0117 gimnazija","robots":{"index":"index","follow":"follow","max-snippet":"max-snippet:-1","max-image-preview":"max-image-preview:large","max-video-preview":"max-video-preview:-1"},"canonical":"https:\/\/manoteises.lt\/atminimo-akmenys\/vilnius\/icchokas-rudasevskis\/","twitter_misc":{"Est. reading time":"1 minute"},"schema":{"@context":"https:\/\/schema.org","@graph":[{"@type":"WebPage","@id":"https:\/\/manoteises.lt\/atminimo-akmenys\/vilnius\/icchokas-rudasevskis\/","url":"https:\/\/manoteises.lt\/atminimo-akmenys\/vilnius\/icchokas-rudasevskis\/","name":"Icchokas Ruda\u0161evskis","isPartOf":{"@id":"https:\/\/manoteises.lt\/atminimo-akmenys\/#website"},"datePublished":"2016-08-28T19:02:50+00:00","dateModified":"2020-10-21T11:52:05+00:00","description":"Icchokas Ruda\u0161evskis, Vilniaus getas, Holokausto dienora\u0161\u010diai, Vilniaus geto biblioteka, R\u016bdnink\u0173 g. 8 Vilnius, \u017dyd\u0173 realin\u0117 gimnazija","breadcrumb":{"@id":"https:\/\/manoteises.lt\/atminimo-akmenys\/vilnius\/icchokas-rudasevskis\/#breadcrumb"},"inLanguage":"en-US","potentialAction":[{"@type":"ReadAction","target":["https:\/\/manoteises.lt\/atminimo-akmenys\/vilnius\/icchokas-rudasevskis\/"]}]},{"@type":"BreadcrumbList","@id":"https:\/\/manoteises.lt\/atminimo-akmenys\/vilnius\/icchokas-rudasevskis\/#breadcrumb","itemListElement":[{"@type":"ListItem","position":1,"name":"Home","item":"https:\/\/manoteises.lt\/atminimo-akmenys\/"},{"@type":"ListItem","position":2,"name":"Vilnius","item":"https:\/\/manoteises.lt\/atminimo-akmenys\/vilnius\/"},{"@type":"ListItem","position":3,"name":"Icchokas Ruda\u0161evskis"}]},{"@type":"WebSite","@id":"https:\/\/manoteises.lt\/atminimo-akmenys\/#website","url":"https:\/\/manoteises.lt\/atminimo-akmenys\/","name":"Atminimo akmenys","description":"","potentialAction":[{"@type":"SearchAction","target":{"@type":"EntryPoint","urlTemplate":"https:\/\/manoteises.lt\/atminimo-akmenys\/?s={search_term_string}"},"query-input":{"@type":"PropertyValueSpecification","valueRequired":true,"valueName":"search_term_string"}}],"inLanguage":"en-US"}]}},"_links":{"self":[{"href":"https:\/\/manoteises.lt\/atminimo-akmenys\/wp-json\/wp\/v2\/pages\/11046","targetHints":{"allow":["GET"]}}],"collection":[{"href":"https:\/\/manoteises.lt\/atminimo-akmenys\/wp-json\/wp\/v2\/pages"}],"about":[{"href":"https:\/\/manoteises.lt\/atminimo-akmenys\/wp-json\/wp\/v2\/types\/page"}],"author":[{"embeddable":true,"href":"https:\/\/manoteises.lt\/atminimo-akmenys\/wp-json\/wp\/v2\/users\/15"}],"replies":[{"embeddable":true,"href":"https:\/\/manoteises.lt\/atminimo-akmenys\/wp-json\/wp\/v2\/comments?post=11046"}],"version-history":[{"count":1,"href":"https:\/\/manoteises.lt\/atminimo-akmenys\/wp-json\/wp\/v2\/pages\/11046\/revisions"}],"predecessor-version":[{"id":23180,"href":"https:\/\/manoteises.lt\/atminimo-akmenys\/wp-json\/wp\/v2\/pages\/11046\/revisions\/23180"}],"up":[{"embeddable":true,"href":"https:\/\/manoteises.lt\/atminimo-akmenys\/wp-json\/wp\/v2\/pages\/10958"}],"wp:attachment":[{"href":"https:\/\/manoteises.lt\/atminimo-akmenys\/wp-json\/wp\/v2\/media?parent=11046"}],"curies":[{"name":"wp","href":"https:\/\/api.w.org\/{rel}","templated":true}]}}

Icchokas Rudaševskis

<h1><strong>Icchokas Rudaševskis </strong></h1>
<p>(g. 1927, sušaudytas 1943 m. spalį Paneriuose).</p>
<p style="text-align: justify;">Vilniaus geto metraštininkas, palikęs bręstančio paauglio akimis atpasakotą gyvenimo gete dienoraštį.</p>
<p style="text-align: justify;">Literatūrai ir istorijai gabus Icchokas rašė pastabiai, o dėl kvapą gniaužiančio gebėjimo suvokti savo ir kitų emocijas Vilniaus geto gyvenimą perteikė ypač jautriai ir įtaigiai – pradėjus skaityti dienoraštį, sunku nuo jo atsitraukti.</p>
<p style="text-align: justify;">Tokių paauglių dienoraščių, parašytų getuose ar slėptuvėse, po Holokausto išliko kelios dešimtys. Icchokas išsiskyrė kaip paauglys, rašymą suvokęs ne tik kaip galimybę papasakoti apie savo jausenas, bet ir fiksuoti įvykius, o tuo pačiu ‒ ir istoriją. „Manau, kad viskas turi būti užrašoma, net ir baisiausi įvykiai. Vėliau viskas bus svarbu“, ‒ dienoraštyje rašė Icchokas.</p>
<p style="text-align: justify;">1943 m. rudenį, likviduojant Vilniaus getą, Rudaševskių šeima kartu su giminaičiais glaudėsi slėptuvėje. Deja, ji buvo atrasta, o Icchokas kartu su artimaisiais sušaudytas Paneriuose.</p>
<p style="text-align: justify;"><strong>Atminimo akmuo Icchokui Rudaševskiui įrengtas Rūdninkų g. 8, Vilniuje, šiame pastate Icchokas lankė CBS Žydų realinę gimnaziją.</strong></p>
<div class="video-container"><iframe loading="lazy" title="„Atminimo akmuo“ Icchokui Rudaševskiui. Kalba Amit Belaitė" width="500" height="281" src="https://www.youtube.com/embed/D0fELu8aDoQ?feature=oembed" frameborder="0" allow="accelerometer; autoplay; clipboard-write; encrypted-media; gyroscope; picture-in-picture; web-share" referrerpolicy="strict-origin-when-cross-origin" allowfullscreen></iframe></div>

<p>Icchokas Rudaševskis  (g. 1927, sušaudytas 1943 m. spalį Paneriuose). Vilniaus geto metraštininkas, palikęs bręstančio paauglio akimis atpasakotą gyvenimo gete dienoraštį. Literatūrai ir istorijai gabus Icchokas rašė pastabiai, o dėl kvapą gniaužiančio gebėjimo suvokti savo ir kitų emocijas Vilniaus geto gyvenimą perteikė ypač jautriai ir įtaigiai – pradėjus skaityti dienoraštį, sunku nuo jo atsitraukti. Tokių paauglių</p>

<!-- This site is optimized with the Yoast SEO plugin v26.9 - https://yoast.com/product/yoast-seo-wordpress/ -->
<title>Icchokas Rudaševskis - Atminimo akmenys</title>
<meta name="description" content="Icchokas Rudaševskis, Vilniaus getas, Holokausto dienoraščiai, Vilniaus geto biblioteka, Rūdninkų g. 8 Vilnius, Žydų realinė gimnazija" />
<meta name="robots" content="index, follow, max-snippet:-1, max-image-preview:large, max-video-preview:-1" />
<link rel="canonical" href="https://manoteises.lt/atminimo-akmenys/vilnius/icchokas-rudasevskis/" />
<meta name="twitter:label1" content="Est. reading time" />
	<meta name="twitter:data1" content="1 minute" />
<script type="application/ld+json" class="yoast-schema-graph">{"@context":"https://schema.org","@graph":[{"@type":"WebPage","@id":"https://manoteises.lt/atminimo-akmenys/vilnius/icchokas-rudasevskis/","url":"https://manoteises.lt/atminimo-akmenys/vilnius/icchokas-rudasevskis/","name":"Icchokas Rudaševskis","isPartOf":{"@id":"https://manoteises.lt/atminimo-akmenys/#website"},"datePublished":"2016-08-28T19:02:50+00:00","dateModified":"2020-10-21T11:52:05+00:00","description":"Icchokas Rudaševskis, Vilniaus getas, Holokausto dienoraščiai, Vilniaus geto biblioteka, Rūdninkų g. 8 Vilnius, Žydų realinė gimnazija","breadcrumb":{"@id":"https://manoteises.lt/atminimo-akmenys/vilnius/icchokas-rudasevskis/#breadcrumb"},"inLanguage":"en-US","potentialAction":[{"@type":"ReadAction","target":["https://manoteises.lt/atminimo-akmenys/vilnius/icchokas-rudasevskis/"]}]},{"@type":"BreadcrumbList","@id":"https://manoteises.lt/atminimo-akmenys/vilnius/icchokas-rudasevskis/#breadcrumb","itemListElement":[{"@type":"ListItem","position":1,"name":"Home","item":"https://manoteises.lt/atminimo-akmenys/"},{"@type":"ListItem","position":2,"name":"Vilnius","item":"https://manoteises.lt/atminimo-akmenys/vilnius/"},{"@type":"ListItem","position":3,"name":"Icchokas Rudaševskis"}]},{"@type":"WebSite","@id":"https://manoteises.lt/atminimo-akmenys/#website","url":"https://manoteises.lt/atminimo-akmenys/","name":"Atminimo akmenys","description":"","potentialAction":[{"@type":"SearchAction","target":{"@type":"EntryPoint","urlTemplate":"https://manoteises.lt/atminimo-akmenys/?s={search_term_string}"},"query-input":{"@type":"PropertyValueSpecification","valueRequired":true,"valueName":"search_term_string"}}],"inLanguage":"en-US"}]}</script>
<!-- / Yoast SEO plugin. -->

Icchokas Rudaševskis - Atminimo akmenys

Icchokas Rudaševskis, Vilniaus getas, Holokausto dienoraščiai, Vilniaus geto biblioteka, Rūdninkų g. 8 Vilnius, Žydų realinė gimnazija
