{"id":11099,"date":"2016-08-28T23:03:52","date_gmt":"2016-08-28T20:03:52","guid":{"rendered":"http:\/\/manoteises.lt\/?page_id=11099"},"modified":"2020-10-21T14:52:13","modified_gmt":"2020-10-21T11:52:13","slug":"samuelis-margolis","status":"publish","type":"page","link":"https:\/\/manoteises.lt\/atminimo-akmenys\/vilnius\/samuelis-margolis\/","title":{"rendered":"Samuelis Margolis"},"content":{"rendered":"<h1><strong>Samuelis Margolis\u00a0<\/strong><\/h1>\n<p>(g. 1889 m., su\u0161audytas 1944 m. Paneriuose).<\/p>\n<p>Garsus tarpukario Vilniaus gydytojas-radiologas.<\/p>\n<p style=\"text-align: justify;\">Kai naciai \u017eygiavo \u012f Vilni\u0173, Samuelis Margolis buvo karjeros pik\u0105 pasiek\u0119s gydytojas-radiologas. Dabartini\u0173 Islandijos ir Vilniaus gatvi\u0173 sankirtoje Vilniuje \u012fsigytuose namuose S. Margolis tur\u0117jo rentgeno kabinet\u0105 ir priimam\u0105j\u012f, o jo dukra Rachel\u0117 Margolis savo prisiminimuose ra\u0161\u0117, kad t\u0117tis nuolat b\u016bdavo darbe. Nenuostabu \u2013 1941 m. rugs\u0117jo 7 d. \u012fkalintas Vilniaus gete, S. Margolis toliau sud\u0117tingomis s\u0105lygomis dirbo \u017dyd\u0173 ligonin\u0117je, kuri buvo dabartin\u0117je Ligonin\u0117s gatv\u0117je. Likviduojant get\u0105, S. Margolis vadovavo septyniasde\u0161imties gydytoj\u0173 ir medicinos seser\u0173 komandai, kurie buvo i\u0161gabenti dirbti \u012f vokie\u010di\u0173 ligonin\u0119 Antakalnio gatv\u0117je. I\u0161 ten 1944 m. liepos prad\u017eioje visi i\u0161ve\u017eti \u012f Panerius ir su\u0161audyti Raudonajai armijai jau beveik \u012f\u017eengiant \u012f miest\u0105.<\/p>\n<p style=\"text-align: justify;\"><strong>Atminimo akmuo dr. Samueliui Margoliui \u012frengtas Vilniaus g. 33\/Islandijos g. 2, Vilniuje, gydytojas \u010dia gyveno ir priimin\u0117jo ligonius.<\/strong><\/p>\n","protected":false},"excerpt":{"rendered":"<p>Samuelis Margolis\u00a0 (g. 1889 m., su\u0161audytas 1944 m. Paneriuose). Garsus tarpukario Vilniaus gydytojas-radiologas. Kai naciai \u017eygiavo \u012f Vilni\u0173, Samuelis Margolis buvo karjeros pik\u0105 pasiek\u0119s gydytojas-radiologas. Dabartini\u0173 Islandijos ir Vilniaus gatvi\u0173 sankirtoje Vilniuje \u012fsigytuose namuose S. Margolis tur\u0117jo rentgeno kabinet\u0105 ir priimam\u0105j\u012f, o jo dukra Rachel\u0117 Margolis savo prisiminimuose ra\u0161\u0117, kad t\u0117tis nuolat b\u016bdavo darbe. Nenuostabu<\/p>\n","protected":false},"author":15,"featured_media":0,"parent":10958,"menu_order":0,"comment_status":"closed","ping_status":"closed","template":"page-akmenys-vidinis.php","meta":{"_acf_changed":false,"footnotes":""},"class_list":["post-11099","page","type-page","status-publish","hentry"],"acf":[],"yoast_head":"<!-- This site is optimized with the Yoast SEO plugin v26.9 - https:\/\/yoast.com\/product\/yoast-seo-wordpress\/ -->\n<title>Samuelis Margolis - Atminimo akmenys<\/title>\n<meta name=\"description\" content=\"Dr. Samuelis Margolis, Vilnius tarpukariu, Holokaustas, Vilniaus g. 33\/Islandijos g. 2, Vilniaus getas, geto ligonin\u0117, Paneriai\" \/>\n<meta name=\"robots\" content=\"index, follow, max-snippet:-1, max-image-preview:large, max-video-preview:-1\" \/>\n<link rel=\"canonical\" href=\"https:\/\/manoteises.lt\/atminimo-akmenys\/vilnius\/samuelis-margolis\/\" \/>\n<meta name=\"twitter:label1\" content=\"Est. reading time\" \/>\n\t<meta name=\"twitter:data1\" content=\"1 minute\" \/>\n<script type=\"application\/ld+json\" class=\"yoast-schema-graph\">{\"@context\":\"https:\/\/schema.org\",\"@graph\":[{\"@type\":\"WebPage\",\"@id\":\"https:\/\/manoteises.lt\/atminimo-akmenys\/vilnius\/samuelis-margolis\/\",\"url\":\"https:\/\/manoteises.lt\/atminimo-akmenys\/vilnius\/samuelis-margolis\/\",\"name\":\"Samuelis Margolis\",\"isPartOf\":{\"@id\":\"https:\/\/manoteises.lt\/atminimo-akmenys\/#website\"},\"datePublished\":\"2016-08-28T20:03:52+00:00\",\"dateModified\":\"2020-10-21T11:52:13+00:00\",\"description\":\"Dr. Samuelis Margolis, Vilnius tarpukariu, Holokaustas, Vilniaus g. 33\/Islandijos g. 2, Vilniaus getas, geto ligonin\u0117, Paneriai\",\"breadcrumb\":{\"@id\":\"https:\/\/manoteises.lt\/atminimo-akmenys\/vilnius\/samuelis-margolis\/#breadcrumb\"},\"inLanguage\":\"en-US\",\"potentialAction\":[{\"@type\":\"ReadAction\",\"target\":[\"https:\/\/manoteises.lt\/atminimo-akmenys\/vilnius\/samuelis-margolis\/\"]}]},{\"@type\":\"BreadcrumbList\",\"@id\":\"https:\/\/manoteises.lt\/atminimo-akmenys\/vilnius\/samuelis-margolis\/#breadcrumb\",\"itemListElement\":[{\"@type\":\"ListItem\",\"position\":1,\"name\":\"Home\",\"item\":\"https:\/\/manoteises.lt\/atminimo-akmenys\/\"},{\"@type\":\"ListItem\",\"position\":2,\"name\":\"Vilnius\",\"item\":\"https:\/\/manoteises.lt\/atminimo-akmenys\/vilnius\/\"},{\"@type\":\"ListItem\",\"position\":3,\"name\":\"Samuelis Margolis\"}]},{\"@type\":\"WebSite\",\"@id\":\"https:\/\/manoteises.lt\/atminimo-akmenys\/#website\",\"url\":\"https:\/\/manoteises.lt\/atminimo-akmenys\/\",\"name\":\"Atminimo akmenys\",\"description\":\"\",\"potentialAction\":[{\"@type\":\"SearchAction\",\"target\":{\"@type\":\"EntryPoint\",\"urlTemplate\":\"https:\/\/manoteises.lt\/atminimo-akmenys\/?s={search_term_string}\"},\"query-input\":{\"@type\":\"PropertyValueSpecification\",\"valueRequired\":true,\"valueName\":\"search_term_string\"}}],\"inLanguage\":\"en-US\"}]}<\/script>\n<!-- \/ Yoast SEO plugin. -->","yoast_head_json":{"title":"Samuelis Margolis - Atminimo akmenys","description":"Dr. Samuelis Margolis, Vilnius tarpukariu, Holokaustas, Vilniaus g. 33\/Islandijos g. 2, Vilniaus getas, geto ligonin\u0117, Paneriai","robots":{"index":"index","follow":"follow","max-snippet":"max-snippet:-1","max-image-preview":"max-image-preview:large","max-video-preview":"max-video-preview:-1"},"canonical":"https:\/\/manoteises.lt\/atminimo-akmenys\/vilnius\/samuelis-margolis\/","twitter_misc":{"Est. reading time":"1 minute"},"schema":{"@context":"https:\/\/schema.org","@graph":[{"@type":"WebPage","@id":"https:\/\/manoteises.lt\/atminimo-akmenys\/vilnius\/samuelis-margolis\/","url":"https:\/\/manoteises.lt\/atminimo-akmenys\/vilnius\/samuelis-margolis\/","name":"Samuelis Margolis","isPartOf":{"@id":"https:\/\/manoteises.lt\/atminimo-akmenys\/#website"},"datePublished":"2016-08-28T20:03:52+00:00","dateModified":"2020-10-21T11:52:13+00:00","description":"Dr. Samuelis Margolis, Vilnius tarpukariu, Holokaustas, Vilniaus g. 33\/Islandijos g. 2, Vilniaus getas, geto ligonin\u0117, Paneriai","breadcrumb":{"@id":"https:\/\/manoteises.lt\/atminimo-akmenys\/vilnius\/samuelis-margolis\/#breadcrumb"},"inLanguage":"en-US","potentialAction":[{"@type":"ReadAction","target":["https:\/\/manoteises.lt\/atminimo-akmenys\/vilnius\/samuelis-margolis\/"]}]},{"@type":"BreadcrumbList","@id":"https:\/\/manoteises.lt\/atminimo-akmenys\/vilnius\/samuelis-margolis\/#breadcrumb","itemListElement":[{"@type":"ListItem","position":1,"name":"Home","item":"https:\/\/manoteises.lt\/atminimo-akmenys\/"},{"@type":"ListItem","position":2,"name":"Vilnius","item":"https:\/\/manoteises.lt\/atminimo-akmenys\/vilnius\/"},{"@type":"ListItem","position":3,"name":"Samuelis Margolis"}]},{"@type":"WebSite","@id":"https:\/\/manoteises.lt\/atminimo-akmenys\/#website","url":"https:\/\/manoteises.lt\/atminimo-akmenys\/","name":"Atminimo akmenys","description":"","potentialAction":[{"@type":"SearchAction","target":{"@type":"EntryPoint","urlTemplate":"https:\/\/manoteises.lt\/atminimo-akmenys\/?s={search_term_string}"},"query-input":{"@type":"PropertyValueSpecification","valueRequired":true,"valueName":"search_term_string"}}],"inLanguage":"en-US"}]}},"_links":{"self":[{"href":"https:\/\/manoteises.lt\/atminimo-akmenys\/wp-json\/wp\/v2\/pages\/11099","targetHints":{"allow":["GET"]}}],"collection":[{"href":"https:\/\/manoteises.lt\/atminimo-akmenys\/wp-json\/wp\/v2\/pages"}],"about":[{"href":"https:\/\/manoteises.lt\/atminimo-akmenys\/wp-json\/wp\/v2\/types\/page"}],"author":[{"embeddable":true,"href":"https:\/\/manoteises.lt\/atminimo-akmenys\/wp-json\/wp\/v2\/users\/15"}],"replies":[{"embeddable":true,"href":"https:\/\/manoteises.lt\/atminimo-akmenys\/wp-json\/wp\/v2\/comments?post=11099"}],"version-history":[{"count":1,"href":"https:\/\/manoteises.lt\/atminimo-akmenys\/wp-json\/wp\/v2\/pages\/11099\/revisions"}],"predecessor-version":[{"id":23183,"href":"https:\/\/manoteises.lt\/atminimo-akmenys\/wp-json\/wp\/v2\/pages\/11099\/revisions\/23183"}],"up":[{"embeddable":true,"href":"https:\/\/manoteises.lt\/atminimo-akmenys\/wp-json\/wp\/v2\/pages\/10958"}],"wp:attachment":[{"href":"https:\/\/manoteises.lt\/atminimo-akmenys\/wp-json\/wp\/v2\/media?parent=11099"}],"curies":[{"name":"wp","href":"https:\/\/api.w.org\/{rel}","templated":true}]}}