{"id":11389,"date":"2016-09-19T16:44:08","date_gmt":"2016-09-19T13:44:08","guid":{"rendered":"http:\/\/manoteises.lt\/?page_id=11389"},"modified":"2020-10-21T14:51:02","modified_gmt":"2020-10-21T11:51:02","slug":"ona-matuzeviciene-bagdonaviciute","status":"publish","type":"page","link":"https:\/\/manoteises.lt\/atminimo-akmenys\/panevezys\/ona-matuzeviciene-bagdonaviciute\/","title":{"rendered":"Ona Matuzevi\u010dien\u0117-Bagdonavi\u010di\u016bt\u0117"},"content":{"rendered":"<h1><strong>Ona Matuzevi\u010dien\u0117-Bagdonavi\u010di\u016bt\u0117\u00a0<\/strong><\/h1>\n<p>(g. 1905, mir\u0117 1988 m. Panev\u0117\u017eyje).<\/p>\n<p style=\"text-align: justify;\">Ona Bagdonavi\u010di\u016bt\u0117 gim\u0117 Roki\u0161kio rajone, gyveno Panev\u0117\u017eyje. I\u0161tek\u0117jusi u\u017e Adomo Matuzevi\u010diaus iki Antrojo pasaulinio karo susilauk\u0117 6 vaik\u0173.<\/p>\n<p style=\"text-align: justify;\">Jos vyras \u017euvo koncentracijos stovykloje Vokietijoje, i\u0161 vaik\u0173 gyvas liko tik s\u016bnus Motiejus Matuzevi\u010dius (g. 1936). Kaip ra\u0161oma archyviniuose dokumentuose, koncentracijos stovykloje Ona dirbo \u201eprie statybos darb\u0173\u201c. Gyvendama koncentracijos stovykloje, Ona lauk\u0117si, i\u0161laisvinta likus 2 m\u0117nesiams iki gimdymo, ji p\u0117s\u010dia parkeliavo \u012f savo miest\u0105 \u2013 Panev\u0117\u017e\u012f.<\/p>\n<p style=\"text-align: justify;\">Po karo \u012f Panev\u0117\u017e\u012f gr\u012f\u017eusi Ona apsigyveno Klaip\u0117dos gatv\u0117je. V\u0117liau i\u0161tek\u0117jo u\u017e Leono Kasperavi\u010diaus. Su juo susilauk\u0117 4 vaik\u0173.<\/p>\n<p style=\"text-align: justify;\">Atminimo akmuo pa\u017eymi toki\u0105 pat Onos gimimo dat\u0105 kaip ir jos antkapis. Oficialiuose \u0161altiniuose ji minima kita. Giminai\u010diai teig\u0117, kad XX a. prad\u017eioje romams gimimo metai netur\u0117jo daug reik\u0161m\u0117s.<\/p>\n<p style=\"text-align: justify;\"><strong>Atminimo akmuo Onai Matuzevi\u010dienei-Bagdonavi\u010di\u016btei \u012frengtas J. Tilvy\u010dio g. 1, Panev\u0117\u017eyje.\u00a0<\/strong><\/p>\n","protected":false},"excerpt":{"rendered":"<p>Ona Matuzevi\u010dien\u0117-Bagdonavi\u010di\u016bt\u0117\u00a0 (g. 1905, mir\u0117 1988 m. Panev\u0117\u017eyje). Ona Bagdonavi\u010di\u016bt\u0117 gim\u0117 Roki\u0161kio rajone, gyveno Panev\u0117\u017eyje. I\u0161tek\u0117jusi u\u017e Adomo Matuzevi\u010diaus iki Antrojo pasaulinio karo susilauk\u0117 6 vaik\u0173. Jos vyras \u017euvo koncentracijos stovykloje Vokietijoje, i\u0161 vaik\u0173 gyvas liko tik s\u016bnus Motiejus Matuzevi\u010dius (g. 1936). Kaip ra\u0161oma archyviniuose dokumentuose, koncentracijos stovykloje Ona dirbo \u201eprie statybos darb\u0173\u201c. Gyvendama koncentracijos<\/p>\n","protected":false},"author":15,"featured_media":0,"parent":11009,"menu_order":0,"comment_status":"closed","ping_status":"closed","template":"page-akmenys-vidinis.php","meta":{"_acf_changed":false,"footnotes":""},"class_list":["post-11389","page","type-page","status-publish","hentry"],"acf":[],"yoast_head":"<!-- This site is optimized with the Yoast SEO plugin v26.9 - https:\/\/yoast.com\/product\/yoast-seo-wordpress\/ -->\n<title>Ona Matuzevi\u010dien\u0117-Bagdonavi\u010di\u016bt\u0117 - Atminimo akmenys<\/title>\n<meta name=\"description\" content=\"Atminimo akmenys, rom\u0173 Holokaustas, Ona Matuzevi\u010dien\u0117-Bagdonavi\u010di\u016bt\u0117, Panev\u0117\u017eys, Tilvy\u010dio g. 1, rom\u0173 genocidas, Antrasis pasaulinis karas\" \/>\n<meta name=\"robots\" content=\"index, follow, max-snippet:-1, max-image-preview:large, max-video-preview:-1\" \/>\n<link rel=\"canonical\" href=\"https:\/\/manoteises.lt\/atminimo-akmenys\/panevezys\/ona-matuzeviciene-bagdonaviciute\/\" \/>\n<meta name=\"twitter:label1\" content=\"Est. reading time\" \/>\n\t<meta name=\"twitter:data1\" content=\"1 minute\" \/>\n<script type=\"application\/ld+json\" class=\"yoast-schema-graph\">{\"@context\":\"https:\/\/schema.org\",\"@graph\":[{\"@type\":\"WebPage\",\"@id\":\"https:\/\/manoteises.lt\/atminimo-akmenys\/panevezys\/ona-matuzeviciene-bagdonaviciute\/\",\"url\":\"https:\/\/manoteises.lt\/atminimo-akmenys\/panevezys\/ona-matuzeviciene-bagdonaviciute\/\",\"name\":\"Ona Matuzevi\u010dien\u0117-Bagdonavi\u010di\u016bt\u0117\",\"isPartOf\":{\"@id\":\"https:\/\/manoteises.lt\/atminimo-akmenys\/#website\"},\"datePublished\":\"2016-09-19T13:44:08+00:00\",\"dateModified\":\"2020-10-21T11:51:02+00:00\",\"description\":\"Atminimo akmenys, rom\u0173 Holokaustas, Ona Matuzevi\u010dien\u0117-Bagdonavi\u010di\u016bt\u0117, Panev\u0117\u017eys, Tilvy\u010dio g. 1, rom\u0173 genocidas, Antrasis pasaulinis karas\",\"breadcrumb\":{\"@id\":\"https:\/\/manoteises.lt\/atminimo-akmenys\/panevezys\/ona-matuzeviciene-bagdonaviciute\/#breadcrumb\"},\"inLanguage\":\"en-US\",\"potentialAction\":[{\"@type\":\"ReadAction\",\"target\":[\"https:\/\/manoteises.lt\/atminimo-akmenys\/panevezys\/ona-matuzeviciene-bagdonaviciute\/\"]}]},{\"@type\":\"BreadcrumbList\",\"@id\":\"https:\/\/manoteises.lt\/atminimo-akmenys\/panevezys\/ona-matuzeviciene-bagdonaviciute\/#breadcrumb\",\"itemListElement\":[{\"@type\":\"ListItem\",\"position\":1,\"name\":\"Home\",\"item\":\"https:\/\/manoteises.lt\/atminimo-akmenys\/\"},{\"@type\":\"ListItem\",\"position\":2,\"name\":\"Panev\u0117\u017eys\",\"item\":\"https:\/\/manoteises.lt\/atminimo-akmenys\/panevezys\/\"},{\"@type\":\"ListItem\",\"position\":3,\"name\":\"Ona Matuzevi\u010dien\u0117-Bagdonavi\u010di\u016bt\u0117\"}]},{\"@type\":\"WebSite\",\"@id\":\"https:\/\/manoteises.lt\/atminimo-akmenys\/#website\",\"url\":\"https:\/\/manoteises.lt\/atminimo-akmenys\/\",\"name\":\"Atminimo akmenys\",\"description\":\"\",\"potentialAction\":[{\"@type\":\"SearchAction\",\"target\":{\"@type\":\"EntryPoint\",\"urlTemplate\":\"https:\/\/manoteises.lt\/atminimo-akmenys\/?s={search_term_string}\"},\"query-input\":{\"@type\":\"PropertyValueSpecification\",\"valueRequired\":true,\"valueName\":\"search_term_string\"}}],\"inLanguage\":\"en-US\"}]}<\/script>\n<!-- \/ Yoast SEO plugin. -->","yoast_head_json":{"title":"Ona Matuzevi\u010dien\u0117-Bagdonavi\u010di\u016bt\u0117 - Atminimo akmenys","description":"Atminimo akmenys, rom\u0173 Holokaustas, Ona Matuzevi\u010dien\u0117-Bagdonavi\u010di\u016bt\u0117, Panev\u0117\u017eys, Tilvy\u010dio g. 1, rom\u0173 genocidas, Antrasis pasaulinis karas","robots":{"index":"index","follow":"follow","max-snippet":"max-snippet:-1","max-image-preview":"max-image-preview:large","max-video-preview":"max-video-preview:-1"},"canonical":"https:\/\/manoteises.lt\/atminimo-akmenys\/panevezys\/ona-matuzeviciene-bagdonaviciute\/","twitter_misc":{"Est. reading time":"1 minute"},"schema":{"@context":"https:\/\/schema.org","@graph":[{"@type":"WebPage","@id":"https:\/\/manoteises.lt\/atminimo-akmenys\/panevezys\/ona-matuzeviciene-bagdonaviciute\/","url":"https:\/\/manoteises.lt\/atminimo-akmenys\/panevezys\/ona-matuzeviciene-bagdonaviciute\/","name":"Ona Matuzevi\u010dien\u0117-Bagdonavi\u010di\u016bt\u0117","isPartOf":{"@id":"https:\/\/manoteises.lt\/atminimo-akmenys\/#website"},"datePublished":"2016-09-19T13:44:08+00:00","dateModified":"2020-10-21T11:51:02+00:00","description":"Atminimo akmenys, rom\u0173 Holokaustas, Ona Matuzevi\u010dien\u0117-Bagdonavi\u010di\u016bt\u0117, Panev\u0117\u017eys, Tilvy\u010dio g. 1, rom\u0173 genocidas, Antrasis pasaulinis karas","breadcrumb":{"@id":"https:\/\/manoteises.lt\/atminimo-akmenys\/panevezys\/ona-matuzeviciene-bagdonaviciute\/#breadcrumb"},"inLanguage":"en-US","potentialAction":[{"@type":"ReadAction","target":["https:\/\/manoteises.lt\/atminimo-akmenys\/panevezys\/ona-matuzeviciene-bagdonaviciute\/"]}]},{"@type":"BreadcrumbList","@id":"https:\/\/manoteises.lt\/atminimo-akmenys\/panevezys\/ona-matuzeviciene-bagdonaviciute\/#breadcrumb","itemListElement":[{"@type":"ListItem","position":1,"name":"Home","item":"https:\/\/manoteises.lt\/atminimo-akmenys\/"},{"@type":"ListItem","position":2,"name":"Panev\u0117\u017eys","item":"https:\/\/manoteises.lt\/atminimo-akmenys\/panevezys\/"},{"@type":"ListItem","position":3,"name":"Ona Matuzevi\u010dien\u0117-Bagdonavi\u010di\u016bt\u0117"}]},{"@type":"WebSite","@id":"https:\/\/manoteises.lt\/atminimo-akmenys\/#website","url":"https:\/\/manoteises.lt\/atminimo-akmenys\/","name":"Atminimo akmenys","description":"","potentialAction":[{"@type":"SearchAction","target":{"@type":"EntryPoint","urlTemplate":"https:\/\/manoteises.lt\/atminimo-akmenys\/?s={search_term_string}"},"query-input":{"@type":"PropertyValueSpecification","valueRequired":true,"valueName":"search_term_string"}}],"inLanguage":"en-US"}]}},"_links":{"self":[{"href":"https:\/\/manoteises.lt\/atminimo-akmenys\/wp-json\/wp\/v2\/pages\/11389","targetHints":{"allow":["GET"]}}],"collection":[{"href":"https:\/\/manoteises.lt\/atminimo-akmenys\/wp-json\/wp\/v2\/pages"}],"about":[{"href":"https:\/\/manoteises.lt\/atminimo-akmenys\/wp-json\/wp\/v2\/types\/page"}],"author":[{"embeddable":true,"href":"https:\/\/manoteises.lt\/atminimo-akmenys\/wp-json\/wp\/v2\/users\/15"}],"replies":[{"embeddable":true,"href":"https:\/\/manoteises.lt\/atminimo-akmenys\/wp-json\/wp\/v2\/comments?post=11389"}],"version-history":[{"count":1,"href":"https:\/\/manoteises.lt\/atminimo-akmenys\/wp-json\/wp\/v2\/pages\/11389\/revisions"}],"predecessor-version":[{"id":23167,"href":"https:\/\/manoteises.lt\/atminimo-akmenys\/wp-json\/wp\/v2\/pages\/11389\/revisions\/23167"}],"up":[{"embeddable":true,"href":"https:\/\/manoteises.lt\/atminimo-akmenys\/wp-json\/wp\/v2\/pages\/11009"}],"wp:attachment":[{"href":"https:\/\/manoteises.lt\/atminimo-akmenys\/wp-json\/wp\/v2\/media?parent=11389"}],"curies":[{"name":"wp","href":"https:\/\/api.w.org\/{rel}","templated":true}]}}