{"id":17983,"date":"2018-09-01T14:47:59","date_gmt":"2018-09-01T11:47:59","guid":{"rendered":"http:\/\/manoteises.lt\/?page_id=17983"},"modified":"2022-07-19T11:18:37","modified_gmt":"2022-07-19T08:18:37","slug":"ukmerge","status":"publish","type":"page","link":"https:\/\/manoteises.lt\/atminimo-akmenys\/ukmerge\/","title":{"rendered":"Ukmerg\u0117"},"content":{"rendered":"<p style=\"text-align: justify;\">Prie\u0161 Antr\u0105j\u012f pasaulin\u012f kar\u0105 Ukmerg\u0117je gyveno apie 6000 \u017eyd\u0173 \u2013 beveik pus\u0117 vis\u0173 miesto gyventoj\u0173. J\u0173 kult\u016brinis, dvasinis ir intelektualinis gyvenimas tiesiog klest\u0117jo \u2013 buvo galima d\u017eiaugtis sinagog\u0173, mokykl\u0173 ir knygyn\u0173 gausa.<\/p>\n<p style=\"text-align: justify;\">1941m. vasara naci\u0173 ir j\u0173 talkininku paliepimu Ukmerg\u0117s \u017eydai buvo prievarta apgyvendinti kairiajame \u0160ventosios krante \u012fsteigtame gete. Visiems \u017eydams buvo nurodyta privalomai ne\u0161ioti ant drabu\u017ei\u0173 prisi\u016btas Dovydo \u017evaig\u017edes.<\/p>\n<p style=\"text-align: justify;\">1941 m. rugpj\u016b\u010dio ir rugs\u0117jo m\u0117nesiais Ukmerg\u0117s miesto ir jo apylinki\u0173 \u017eydai buvo ve\u017eami \u012f Pivonijos mi\u0161k\u0105, esant\u012f apie 4 km nuo Ukmerg\u0117s, ten \u017eudomi. Skai\u010diuojama, jog Pivonijos mi\u0161ke \u017euvo per 6000 t\u016bkst. \u017eyd\u0173 tautyb\u0117s \u017emoni\u0173. 1953 m. \u0161ioje vietoje pastatytas paminklas aukoms atminti.<\/p>\n","protected":false},"excerpt":{"rendered":"<p>Prie\u0161 Antr\u0105j\u012f pasaulin\u012f kar\u0105 Ukmerg\u0117je gyveno apie 6000 \u017eyd\u0173 \u2013 beveik pus\u0117 vis\u0173 miesto gyventoj\u0173. J\u0173 kult\u016brinis, dvasinis ir intelektualinis gyvenimas tiesiog klest\u0117jo \u2013 buvo galima d\u017eiaugtis sinagog\u0173, mokykl\u0173 ir knygyn\u0173 gausa. 1941m. vasara naci\u0173 ir j\u0173 talkininku paliepimu Ukmerg\u0117s \u017eydai buvo prievarta apgyvendinti kairiajame \u0160ventosios krante \u012fsteigtame gete. Visiems \u017eydams buvo nurodyta privalomai ne\u0161ioti<\/p>\n","protected":false},"author":15,"featured_media":0,"parent":0,"menu_order":12,"comment_status":"closed","ping_status":"closed","template":"page-akmenys-miestas.php","meta":{"_acf_changed":false,"footnotes":""},"class_list":["post-17983","page","type-page","status-publish","hentry"],"acf":[],"yoast_head":"<!-- This site is optimized with the Yoast SEO plugin v26.9 - https:\/\/yoast.com\/product\/yoast-seo-wordpress\/ -->\n<title>Ukmerg\u0117 - Atminimo akmenys<\/title>\n<meta name=\"description\" content=\"Ukmerg\u0117, Pivonijos mi\u0161kas, Holokaustas Ukmerg\u0117je, Holokaustas Lietuvoje, Atminimo akmenys, Stolpersteine\" \/>\n<meta name=\"robots\" content=\"index, follow, max-snippet:-1, max-image-preview:large, max-video-preview:-1\" \/>\n<link rel=\"canonical\" href=\"https:\/\/manoteises.lt\/atminimo-akmenys\/ukmerge\/\" \/>\n<meta name=\"twitter:label1\" content=\"Est. reading time\" \/>\n\t<meta name=\"twitter:data1\" content=\"1 minute\" \/>\n<script type=\"application\/ld+json\" class=\"yoast-schema-graph\">{\"@context\":\"https:\/\/schema.org\",\"@graph\":[{\"@type\":\"WebPage\",\"@id\":\"https:\/\/manoteises.lt\/atminimo-akmenys\/ukmerge\/\",\"url\":\"https:\/\/manoteises.lt\/atminimo-akmenys\/ukmerge\/\",\"name\":\"Ukmerg\u0117\",\"isPartOf\":{\"@id\":\"https:\/\/manoteises.lt\/atminimo-akmenys\/#website\"},\"datePublished\":\"2018-09-01T11:47:59+00:00\",\"dateModified\":\"2022-07-19T08:18:37+00:00\",\"description\":\"Ukmerg\u0117, Pivonijos mi\u0161kas, Holokaustas Ukmerg\u0117je, Holokaustas Lietuvoje, Atminimo akmenys, Stolpersteine\",\"breadcrumb\":{\"@id\":\"https:\/\/manoteises.lt\/atminimo-akmenys\/ukmerge\/#breadcrumb\"},\"inLanguage\":\"en-US\",\"potentialAction\":[{\"@type\":\"ReadAction\",\"target\":[\"https:\/\/manoteises.lt\/atminimo-akmenys\/ukmerge\/\"]}]},{\"@type\":\"BreadcrumbList\",\"@id\":\"https:\/\/manoteises.lt\/atminimo-akmenys\/ukmerge\/#breadcrumb\",\"itemListElement\":[{\"@type\":\"ListItem\",\"position\":1,\"name\":\"Home\",\"item\":\"https:\/\/manoteises.lt\/atminimo-akmenys\/\"},{\"@type\":\"ListItem\",\"position\":2,\"name\":\"Ukmerg\u0117\"}]},{\"@type\":\"WebSite\",\"@id\":\"https:\/\/manoteises.lt\/atminimo-akmenys\/#website\",\"url\":\"https:\/\/manoteises.lt\/atminimo-akmenys\/\",\"name\":\"Atminimo akmenys\",\"description\":\"\",\"potentialAction\":[{\"@type\":\"SearchAction\",\"target\":{\"@type\":\"EntryPoint\",\"urlTemplate\":\"https:\/\/manoteises.lt\/atminimo-akmenys\/?s={search_term_string}\"},\"query-input\":{\"@type\":\"PropertyValueSpecification\",\"valueRequired\":true,\"valueName\":\"search_term_string\"}}],\"inLanguage\":\"en-US\"}]}<\/script>\n<!-- \/ Yoast SEO plugin. -->","yoast_head_json":{"title":"Ukmerg\u0117 - Atminimo akmenys","description":"Ukmerg\u0117, Pivonijos mi\u0161kas, Holokaustas Ukmerg\u0117je, Holokaustas Lietuvoje, Atminimo akmenys, Stolpersteine","robots":{"index":"index","follow":"follow","max-snippet":"max-snippet:-1","max-image-preview":"max-image-preview:large","max-video-preview":"max-video-preview:-1"},"canonical":"https:\/\/manoteises.lt\/atminimo-akmenys\/ukmerge\/","twitter_misc":{"Est. reading time":"1 minute"},"schema":{"@context":"https:\/\/schema.org","@graph":[{"@type":"WebPage","@id":"https:\/\/manoteises.lt\/atminimo-akmenys\/ukmerge\/","url":"https:\/\/manoteises.lt\/atminimo-akmenys\/ukmerge\/","name":"Ukmerg\u0117","isPartOf":{"@id":"https:\/\/manoteises.lt\/atminimo-akmenys\/#website"},"datePublished":"2018-09-01T11:47:59+00:00","dateModified":"2022-07-19T08:18:37+00:00","description":"Ukmerg\u0117, Pivonijos mi\u0161kas, Holokaustas Ukmerg\u0117je, Holokaustas Lietuvoje, Atminimo akmenys, Stolpersteine","breadcrumb":{"@id":"https:\/\/manoteises.lt\/atminimo-akmenys\/ukmerge\/#breadcrumb"},"inLanguage":"en-US","potentialAction":[{"@type":"ReadAction","target":["https:\/\/manoteises.lt\/atminimo-akmenys\/ukmerge\/"]}]},{"@type":"BreadcrumbList","@id":"https:\/\/manoteises.lt\/atminimo-akmenys\/ukmerge\/#breadcrumb","itemListElement":[{"@type":"ListItem","position":1,"name":"Home","item":"https:\/\/manoteises.lt\/atminimo-akmenys\/"},{"@type":"ListItem","position":2,"name":"Ukmerg\u0117"}]},{"@type":"WebSite","@id":"https:\/\/manoteises.lt\/atminimo-akmenys\/#website","url":"https:\/\/manoteises.lt\/atminimo-akmenys\/","name":"Atminimo akmenys","description":"","potentialAction":[{"@type":"SearchAction","target":{"@type":"EntryPoint","urlTemplate":"https:\/\/manoteises.lt\/atminimo-akmenys\/?s={search_term_string}"},"query-input":{"@type":"PropertyValueSpecification","valueRequired":true,"valueName":"search_term_string"}}],"inLanguage":"en-US"}]}},"_links":{"self":[{"href":"https:\/\/manoteises.lt\/atminimo-akmenys\/wp-json\/wp\/v2\/pages\/17983","targetHints":{"allow":["GET"]}}],"collection":[{"href":"https:\/\/manoteises.lt\/atminimo-akmenys\/wp-json\/wp\/v2\/pages"}],"about":[{"href":"https:\/\/manoteises.lt\/atminimo-akmenys\/wp-json\/wp\/v2\/types\/page"}],"author":[{"embeddable":true,"href":"https:\/\/manoteises.lt\/atminimo-akmenys\/wp-json\/wp\/v2\/users\/15"}],"replies":[{"embeddable":true,"href":"https:\/\/manoteises.lt\/atminimo-akmenys\/wp-json\/wp\/v2\/comments?post=17983"}],"version-history":[{"count":1,"href":"https:\/\/manoteises.lt\/atminimo-akmenys\/wp-json\/wp\/v2\/pages\/17983\/revisions"}],"predecessor-version":[{"id":23175,"href":"https:\/\/manoteises.lt\/atminimo-akmenys\/wp-json\/wp\/v2\/pages\/17983\/revisions\/23175"}],"wp:attachment":[{"href":"https:\/\/manoteises.lt\/atminimo-akmenys\/wp-json\/wp\/v2\/media?parent=17983"}],"curies":[{"name":"wp","href":"https:\/\/api.w.org\/{rel}","templated":true}]}}