{"id":17997,"date":"2018-09-01T15:26:16","date_gmt":"2018-09-01T12:26:16","guid":{"rendered":"http:\/\/manoteises.lt\/?page_id=17997"},"modified":"2020-10-21T14:51:53","modified_gmt":"2020-10-21T11:51:53","slug":"mausa-levi","status":"publish","type":"page","link":"https:\/\/manoteises.lt\/atminimo-akmenys\/ukmerge\/mausa-levi\/","title":{"rendered":"Mau\u0161a Levi"},"content":{"rendered":"<h1 style=\"text-align: justify;\"><strong>Mau\u0161a Levi<\/strong><\/h1>\n<p style=\"text-align: justify;\">(g. 1886 m., nu\u017eudytas 1941 m. rugpj\u016bt\u012f, Pivonijos \u0161ile).<\/p>\n<p style=\"text-align: justify;\">Fotografas, foto studijos \u201eM. Levi\u201c, veikusios nuo 1923 m. Kauno g, 15 ( dabar Kauno g. 22 ) Ukmerg\u0117s mieste, savininkas.<\/p>\n<p style=\"text-align: justify;\">Paskutiniais XX a. de\u0161imtme\u010dius fotografija tapo viena i\u0161 pagrindini\u0173 vizualin\u0117s komunikacijos sri\u010di\u0173. Profesionali\u0173 fotograf\u0173 daromi fotoportretai greitai \u012fgijo populiarum\u0105 visuomen\u0117je. Tarpukario Lietuvoje prad\u0117tos kurti fotostudijos, daugumos kuri\u0173 savininkai buvo litvakai.<\/p>\n<p style=\"text-align: justify;\">Apie 1918 m. Ukmerg\u0117je duris atv\u0117r\u0117 fotografijos studija \u201eBaer ir Levi\u201c, kurios savininkai buvo \u0160imon Bajer, vienos i\u0161 pirm\u0173j\u0173 fotostudij\u0173 \u201e\u0160. Baer\u201c Kaune steig\u0117jas, ir Mau\u0161a Levi, kuris patirt\u012f fotografijos srityje sukaup\u0117, dirbdamas \u201ePhoto Studio\u201c Niujorke. Apie 1923 m. Mau\u0161a Levi tapo vieninteliu studijos \u201eBajer ir Levi\u201c savininku ir pakei\u010dia jos pavadinim\u0105 \u012f \u201eM. Levi\u201c.<\/p>\n<p style=\"text-align: justify;\">Fotostudija specializavosi \u0161eimos portret\u0173, vinje\u010di\u0173, grupini\u0173 fotografij\u0173 gamyboje ir tapo viena \u017einomiausi\u0173 ir pagrindini\u0173 fotostudij\u0173 Ukmerg\u0117je, kurioje Mau\u0161a Levi drauge su \u0160imon Bajer suk\u016br\u0117 i\u0161tis\u0105 Seimo nari\u0173, valstie\u010di\u0173, kari\u0161ki\u0173, dvasinink\u0173, student\u0173, ra\u0161ytoj\u0173, meninink\u0173, paprast\u0173 pilie\u010di\u0173, pastat\u0173, miesto gyvenimo akimirk\u0173 fotografij\u0173 galerij\u0105. Jie paliko eil\u0119 vaizd\u0173, kurie mums, n\u016bdienos \u017emon\u0117ms, leid\u017eia pa\u017evelgti \u012f kasdien\u012f gyvenim\u0105 tarpukario nepriklausomoje Lietuvoje. Prasid\u0117jus II pasauliniam karui, Mau\u0161a Levi kartu su kitais Ukmerg\u0117s \u017eydais 1941 m. liepos m\u0117n. buvo \u012fkalintas Ukmerg\u0117s kal\u0117jime. Nu\u017eudytas 1941 m. rugpj\u016b\u010dio m\u0117n. \u0161alia Ukmerg\u0117s esan\u010diame Pivonijos \u0161ile.<\/p>\n<p style=\"text-align: justify;\"><strong>Atminimo akmuo Mau\u0161ai Levi \u012frengtas Kauno g. 22, kur M. Levi dirbo savo studijoje\u00a0\u201eM. Levi\u201c.<\/strong><\/p>\n<p>Atminimo akmuo Mau\u0161ai Levi \u012frengtas Vepri\u0173 pagrindin\u0117s mokyklos moksleivi\u0173, mokytojos Aldonos Medonien\u0117s ir Ukmerg\u0117s m. savivaldyb\u0117s iniciatyva.<\/p>\n","protected":false},"excerpt":{"rendered":"<p>Mau\u0161a Levi (g. 1886 m., nu\u017eudytas 1941 m. rugpj\u016bt\u012f, Pivonijos \u0161ile). Fotografas, foto studijos \u201eM. Levi\u201c, veikusios nuo 1923 m. Kauno g, 15 ( dabar Kauno g. 22 ) Ukmerg\u0117s mieste, savininkas. Paskutiniais XX a. de\u0161imtme\u010dius fotografija tapo viena i\u0161 pagrindini\u0173 vizualin\u0117s komunikacijos sri\u010di\u0173. Profesionali\u0173 fotograf\u0173 daromi fotoportretai greitai \u012fgijo populiarum\u0105 visuomen\u0117je. Tarpukario Lietuvoje prad\u0117tos<\/p>\n","protected":false},"author":15,"featured_media":0,"parent":17983,"menu_order":0,"comment_status":"closed","ping_status":"closed","template":"page-akmenys-vidinis.php","meta":{"_acf_changed":false,"footnotes":""},"class_list":["post-17997","page","type-page","status-publish","hentry"],"acf":[],"yoast_head":"<!-- This site is optimized with the Yoast SEO plugin v26.9 - https:\/\/yoast.com\/product\/yoast-seo-wordpress\/ -->\n<title>Mau\u0161a Levi - Atminimo akmenys<\/title>\n<meta name=\"description\" content=\"Mau\u0161a Levi, Ukmerg\u0117, fotostudija \u201eM. Levi\u201c, fotostudija \u201eBajer ir Levi\u201c, fotografijos istorija, fotografija Lietuvoje, Holokaustas Lietuvoje, Atminimo akmenys, Stolpersteine\" \/>\n<meta name=\"robots\" content=\"index, follow, max-snippet:-1, max-image-preview:large, max-video-preview:-1\" \/>\n<link rel=\"canonical\" href=\"https:\/\/manoteises.lt\/atminimo-akmenys\/ukmerge\/mausa-levi\/\" \/>\n<meta name=\"twitter:label1\" content=\"Est. reading time\" \/>\n\t<meta name=\"twitter:data1\" content=\"1 minute\" \/>\n<script type=\"application\/ld+json\" class=\"yoast-schema-graph\">{\"@context\":\"https:\/\/schema.org\",\"@graph\":[{\"@type\":\"WebPage\",\"@id\":\"https:\/\/manoteises.lt\/atminimo-akmenys\/ukmerge\/mausa-levi\/\",\"url\":\"https:\/\/manoteises.lt\/atminimo-akmenys\/ukmerge\/mausa-levi\/\",\"name\":\"Mau\u0161a Levi\",\"isPartOf\":{\"@id\":\"https:\/\/manoteises.lt\/atminimo-akmenys\/#website\"},\"datePublished\":\"2018-09-01T12:26:16+00:00\",\"dateModified\":\"2020-10-21T11:51:53+00:00\",\"description\":\"Mau\u0161a Levi, Ukmerg\u0117, fotostudija \u201eM. Levi\u201c, fotostudija \u201eBajer ir Levi\u201c, fotografijos istorija, fotografija Lietuvoje, Holokaustas Lietuvoje, Atminimo akmenys, Stolpersteine\",\"breadcrumb\":{\"@id\":\"https:\/\/manoteises.lt\/atminimo-akmenys\/ukmerge\/mausa-levi\/#breadcrumb\"},\"inLanguage\":\"en-US\",\"potentialAction\":[{\"@type\":\"ReadAction\",\"target\":[\"https:\/\/manoteises.lt\/atminimo-akmenys\/ukmerge\/mausa-levi\/\"]}]},{\"@type\":\"BreadcrumbList\",\"@id\":\"https:\/\/manoteises.lt\/atminimo-akmenys\/ukmerge\/mausa-levi\/#breadcrumb\",\"itemListElement\":[{\"@type\":\"ListItem\",\"position\":1,\"name\":\"Home\",\"item\":\"https:\/\/manoteises.lt\/atminimo-akmenys\/\"},{\"@type\":\"ListItem\",\"position\":2,\"name\":\"Ukmerg\u0117\",\"item\":\"https:\/\/manoteises.lt\/atminimo-akmenys\/ukmerge\/\"},{\"@type\":\"ListItem\",\"position\":3,\"name\":\"Mau\u0161a Levi\"}]},{\"@type\":\"WebSite\",\"@id\":\"https:\/\/manoteises.lt\/atminimo-akmenys\/#website\",\"url\":\"https:\/\/manoteises.lt\/atminimo-akmenys\/\",\"name\":\"Atminimo akmenys\",\"description\":\"\",\"potentialAction\":[{\"@type\":\"SearchAction\",\"target\":{\"@type\":\"EntryPoint\",\"urlTemplate\":\"https:\/\/manoteises.lt\/atminimo-akmenys\/?s={search_term_string}\"},\"query-input\":{\"@type\":\"PropertyValueSpecification\",\"valueRequired\":true,\"valueName\":\"search_term_string\"}}],\"inLanguage\":\"en-US\"}]}<\/script>\n<!-- \/ Yoast SEO plugin. -->","yoast_head_json":{"title":"Mau\u0161a Levi - Atminimo akmenys","description":"Mau\u0161a Levi, Ukmerg\u0117, fotostudija \u201eM. Levi\u201c, fotostudija \u201eBajer ir Levi\u201c, fotografijos istorija, fotografija Lietuvoje, Holokaustas Lietuvoje, Atminimo akmenys, Stolpersteine","robots":{"index":"index","follow":"follow","max-snippet":"max-snippet:-1","max-image-preview":"max-image-preview:large","max-video-preview":"max-video-preview:-1"},"canonical":"https:\/\/manoteises.lt\/atminimo-akmenys\/ukmerge\/mausa-levi\/","twitter_misc":{"Est. reading time":"1 minute"},"schema":{"@context":"https:\/\/schema.org","@graph":[{"@type":"WebPage","@id":"https:\/\/manoteises.lt\/atminimo-akmenys\/ukmerge\/mausa-levi\/","url":"https:\/\/manoteises.lt\/atminimo-akmenys\/ukmerge\/mausa-levi\/","name":"Mau\u0161a Levi","isPartOf":{"@id":"https:\/\/manoteises.lt\/atminimo-akmenys\/#website"},"datePublished":"2018-09-01T12:26:16+00:00","dateModified":"2020-10-21T11:51:53+00:00","description":"Mau\u0161a Levi, Ukmerg\u0117, fotostudija \u201eM. Levi\u201c, fotostudija \u201eBajer ir Levi\u201c, fotografijos istorija, fotografija Lietuvoje, Holokaustas Lietuvoje, Atminimo akmenys, Stolpersteine","breadcrumb":{"@id":"https:\/\/manoteises.lt\/atminimo-akmenys\/ukmerge\/mausa-levi\/#breadcrumb"},"inLanguage":"en-US","potentialAction":[{"@type":"ReadAction","target":["https:\/\/manoteises.lt\/atminimo-akmenys\/ukmerge\/mausa-levi\/"]}]},{"@type":"BreadcrumbList","@id":"https:\/\/manoteises.lt\/atminimo-akmenys\/ukmerge\/mausa-levi\/#breadcrumb","itemListElement":[{"@type":"ListItem","position":1,"name":"Home","item":"https:\/\/manoteises.lt\/atminimo-akmenys\/"},{"@type":"ListItem","position":2,"name":"Ukmerg\u0117","item":"https:\/\/manoteises.lt\/atminimo-akmenys\/ukmerge\/"},{"@type":"ListItem","position":3,"name":"Mau\u0161a Levi"}]},{"@type":"WebSite","@id":"https:\/\/manoteises.lt\/atminimo-akmenys\/#website","url":"https:\/\/manoteises.lt\/atminimo-akmenys\/","name":"Atminimo akmenys","description":"","potentialAction":[{"@type":"SearchAction","target":{"@type":"EntryPoint","urlTemplate":"https:\/\/manoteises.lt\/atminimo-akmenys\/?s={search_term_string}"},"query-input":{"@type":"PropertyValueSpecification","valueRequired":true,"valueName":"search_term_string"}}],"inLanguage":"en-US"}]}},"_links":{"self":[{"href":"https:\/\/manoteises.lt\/atminimo-akmenys\/wp-json\/wp\/v2\/pages\/17997","targetHints":{"allow":["GET"]}}],"collection":[{"href":"https:\/\/manoteises.lt\/atminimo-akmenys\/wp-json\/wp\/v2\/pages"}],"about":[{"href":"https:\/\/manoteises.lt\/atminimo-akmenys\/wp-json\/wp\/v2\/types\/page"}],"author":[{"embeddable":true,"href":"https:\/\/manoteises.lt\/atminimo-akmenys\/wp-json\/wp\/v2\/users\/15"}],"replies":[{"embeddable":true,"href":"https:\/\/manoteises.lt\/atminimo-akmenys\/wp-json\/wp\/v2\/comments?post=17997"}],"version-history":[{"count":1,"href":"https:\/\/manoteises.lt\/atminimo-akmenys\/wp-json\/wp\/v2\/pages\/17997\/revisions"}],"predecessor-version":[{"id":23177,"href":"https:\/\/manoteises.lt\/atminimo-akmenys\/wp-json\/wp\/v2\/pages\/17997\/revisions\/23177"}],"up":[{"embeddable":true,"href":"https:\/\/manoteises.lt\/atminimo-akmenys\/wp-json\/wp\/v2\/pages\/17983"}],"wp:attachment":[{"href":"https:\/\/manoteises.lt\/atminimo-akmenys\/wp-json\/wp\/v2\/media?parent=17997"}],"curies":[{"name":"wp","href":"https:\/\/api.w.org\/{rel}","templated":true}]}}