{"id":20478,"date":"2020-02-21T18:36:38","date_gmt":"2020-02-21T15:36:38","guid":{"rendered":"https:\/\/manoteises.lt\/atminimo-akmenys\/?page_id=20478"},"modified":"2020-10-21T13:42:18","modified_gmt":"2020-10-21T10:42:18","slug":"seine-kronzonaite-boksickiene","status":"publish","type":"page","link":"https:\/\/manoteises.lt\/atminimo-akmenys\/alytus\/seine-kronzonaite-boksickiene\/","title":{"rendered":"\u0160ein\u0117 Kronzonait\u0117-Bok\u0161ickien\u0117"},"content":{"rendered":"<h1><strong>\u0160ein\u0117 Kronzonait\u0117-Bok\u0161ickien\u0117<br \/>\n<\/strong><\/h1>\n<p>(g. 1981 m., nu\u017eudyta 1943 m. Paneriuose)<\/p>\n<p>\u0160ein\u0117 Kronzonait\u0117-Bok\u0161ickien\u0117 gyveno Alytuje ir priklaus\u0117 1929-1940 m. Alytuje veikusiai Lietuvos sionist\u0173 moter\u0173 draugijai. Organizacijos tikslas buvo \u012fkurti \u201e\u017eyd\u0173 tautai teis\u0117t\u0105 viet\u0105 Palestinoje\u201d. Draugija buvo numa\u010diusi steigti \u012fvairias kult\u016bros \u2013 \u0161vietimo \u012fstaigas, kurios pl\u0117st\u0173 ir lavint\u0173 \u017eyd\u0173 kalb\u0105, kult\u016br\u0105 ir literat\u016br\u0105. Draugijos pirminink\u0117 buvo En\u0117 Cvilingien\u0117, o v\u0117liau ir pati \u0160ein\u0117 Kronzonait\u0117-Bok\u0161ickien\u0117.<\/p>\n<p>1939 m. ji kartu su \u0161eima i\u0161sikraust\u0117 \u012f Vilni\u0173, o 1941 m. prasid\u0117jus naci\u0173 okupacijai Lietuvoje kartu su \u0161eima buvo kalinta Vilniaus gete. Vyras buvo nu\u017eudytas tais pa\u010diais metais, o s\u016bnus i\u0161ve\u017etas \u012f koncentracijos stovykl\u0105 Estijoje 1943 metais. Prie\u0161 pat geto likvidavim\u0105 1943 m. kartu su dukra ji pab\u0117go i\u0161 geto ir band\u0117 slapstytis, ta\u010diau po keli\u0173 savai\u010di\u0173 buvo surasta ir nu\u017eudyta. Jos dukrai Lilijai i\u0161sigelb\u0117ti pavyko.<\/p>\n<p>\u0160.Bok\u0161ickien\u0117s s\u016bnus Saadia Bahat savo motin\u0105 prisimena gra\u017eiais \u017eod\u017eiais ir ypatingu \u0161velnumu:<\/p>\n<p>\u201eMama buvo tarsi gro\u017eio, estetikos, gero skonio ir puiki\u0173 manier\u0173 pavyzdys \u0161eimoje. Viskas, k\u0105 ji dar\u0117, buvo tarsi elgesio modelis.\u201c<\/p>\n<p><strong>Atminimo akmuo \u0160einai Kronzonaitei-Bok\u0161ickienei \u012frengtas\u00a0Vilniaus g. 27 \u0161alia kit\u0173 atminimo akmen\u0173 skirt\u0173 jos vyrui Mendeliui Bok\u0161ickui ir vaikams \u2013 dukrai Lilijai ir s\u016bnui Saadia.<\/strong><\/p>\n<p>Atminimo akmuo \u0160einai Kronzonaitei-Bok\u0161ickienei \u012fd\u0117tas s\u016bnaus Saadios Bahaat (Bok\u0161ickio), dukros Lilios Bok\u0161ickytei-Bahaat iniciatyva, padedant Adolfo Ramanausko Vanago gimnazijos moksleiviams, mokytojai Meilei Plat\u016bkienei ir Alytaus miesto savivaldybei.<\/p>\n","protected":false},"excerpt":{"rendered":"<p>\u0160ein\u0117 Kronzonait\u0117-Bok\u0161ickien\u0117 (g. 1981 m., nu\u017eudyta 1943 m. Paneriuose) \u0160ein\u0117 Kronzonait\u0117-Bok\u0161ickien\u0117 gyveno Alytuje ir priklaus\u0117 1929-1940 m. Alytuje veikusiai Lietuvos sionist\u0173 moter\u0173 draugijai. Organizacijos tikslas buvo \u012fkurti \u201e\u017eyd\u0173 tautai teis\u0117t\u0105 viet\u0105 Palestinoje\u201d. Draugija buvo numa\u010diusi steigti \u012fvairias kult\u016bros \u2013 \u0161vietimo \u012fstaigas, kurios pl\u0117st\u0173 ir lavint\u0173 \u017eyd\u0173 kalb\u0105, kult\u016br\u0105 ir literat\u016br\u0105. Draugijos pirminink\u0117 buvo En\u0117 Cvilingien\u0117,<\/p>\n","protected":false},"author":13,"featured_media":0,"parent":17885,"menu_order":3,"comment_status":"closed","ping_status":"closed","template":"page-akmenys-vidinis.php","meta":{"_acf_changed":false,"footnotes":""},"class_list":["post-20478","page","type-page","status-publish","hentry"],"acf":[],"yoast_head":"<!-- This site is optimized with the Yoast SEO plugin v26.9 - https:\/\/yoast.com\/product\/yoast-seo-wordpress\/ -->\n<title>\u0160ein\u0117 Kronzonait\u0117-Bok\u0161ickien\u0117 &#8211; Atminimo akmenys<\/title>\n<meta name=\"robots\" content=\"index, follow, max-snippet:-1, max-image-preview:large, max-video-preview:-1\" \/>\n<link rel=\"canonical\" href=\"https:\/\/manoteises.lt\/atminimo-akmenys\/alytus\/seine-kronzonaite-boksickiene\/\" \/>\n<meta name=\"twitter:label1\" content=\"Est. reading time\" \/>\n\t<meta name=\"twitter:data1\" content=\"1 minute\" \/>\n<script type=\"application\/ld+json\" class=\"yoast-schema-graph\">{\"@context\":\"https:\/\/schema.org\",\"@graph\":[{\"@type\":\"WebPage\",\"@id\":\"https:\/\/manoteises.lt\/atminimo-akmenys\/alytus\/seine-kronzonaite-boksickiene\/\",\"url\":\"https:\/\/manoteises.lt\/atminimo-akmenys\/alytus\/seine-kronzonaite-boksickiene\/\",\"name\":\"\u0160ein\u0117 Kronzonait\u0117-Bok\u0161ickien\u0117 &#8211; Atminimo akmenys\",\"isPartOf\":{\"@id\":\"https:\/\/manoteises.lt\/atminimo-akmenys\/#website\"},\"datePublished\":\"2020-02-21T15:36:38+00:00\",\"dateModified\":\"2020-10-21T10:42:18+00:00\",\"breadcrumb\":{\"@id\":\"https:\/\/manoteises.lt\/atminimo-akmenys\/alytus\/seine-kronzonaite-boksickiene\/#breadcrumb\"},\"inLanguage\":\"en-US\",\"potentialAction\":[{\"@type\":\"ReadAction\",\"target\":[\"https:\/\/manoteises.lt\/atminimo-akmenys\/alytus\/seine-kronzonaite-boksickiene\/\"]}]},{\"@type\":\"BreadcrumbList\",\"@id\":\"https:\/\/manoteises.lt\/atminimo-akmenys\/alytus\/seine-kronzonaite-boksickiene\/#breadcrumb\",\"itemListElement\":[{\"@type\":\"ListItem\",\"position\":1,\"name\":\"Home\",\"item\":\"https:\/\/manoteises.lt\/atminimo-akmenys\/\"},{\"@type\":\"ListItem\",\"position\":2,\"name\":\"Alytus\",\"item\":\"https:\/\/manoteises.lt\/atminimo-akmenys\/alytus\/\"},{\"@type\":\"ListItem\",\"position\":3,\"name\":\"\u0160ein\u0117 Kronzonait\u0117-Bok\u0161ickien\u0117\"}]},{\"@type\":\"WebSite\",\"@id\":\"https:\/\/manoteises.lt\/atminimo-akmenys\/#website\",\"url\":\"https:\/\/manoteises.lt\/atminimo-akmenys\/\",\"name\":\"Atminimo akmenys\",\"description\":\"\",\"potentialAction\":[{\"@type\":\"SearchAction\",\"target\":{\"@type\":\"EntryPoint\",\"urlTemplate\":\"https:\/\/manoteises.lt\/atminimo-akmenys\/?s={search_term_string}\"},\"query-input\":{\"@type\":\"PropertyValueSpecification\",\"valueRequired\":true,\"valueName\":\"search_term_string\"}}],\"inLanguage\":\"en-US\"}]}<\/script>\n<!-- \/ Yoast SEO plugin. -->","yoast_head_json":{"title":"\u0160ein\u0117 Kronzonait\u0117-Bok\u0161ickien\u0117 &#8211; Atminimo akmenys","robots":{"index":"index","follow":"follow","max-snippet":"max-snippet:-1","max-image-preview":"max-image-preview:large","max-video-preview":"max-video-preview:-1"},"canonical":"https:\/\/manoteises.lt\/atminimo-akmenys\/alytus\/seine-kronzonaite-boksickiene\/","twitter_misc":{"Est. reading time":"1 minute"},"schema":{"@context":"https:\/\/schema.org","@graph":[{"@type":"WebPage","@id":"https:\/\/manoteises.lt\/atminimo-akmenys\/alytus\/seine-kronzonaite-boksickiene\/","url":"https:\/\/manoteises.lt\/atminimo-akmenys\/alytus\/seine-kronzonaite-boksickiene\/","name":"\u0160ein\u0117 Kronzonait\u0117-Bok\u0161ickien\u0117 &#8211; Atminimo akmenys","isPartOf":{"@id":"https:\/\/manoteises.lt\/atminimo-akmenys\/#website"},"datePublished":"2020-02-21T15:36:38+00:00","dateModified":"2020-10-21T10:42:18+00:00","breadcrumb":{"@id":"https:\/\/manoteises.lt\/atminimo-akmenys\/alytus\/seine-kronzonaite-boksickiene\/#breadcrumb"},"inLanguage":"en-US","potentialAction":[{"@type":"ReadAction","target":["https:\/\/manoteises.lt\/atminimo-akmenys\/alytus\/seine-kronzonaite-boksickiene\/"]}]},{"@type":"BreadcrumbList","@id":"https:\/\/manoteises.lt\/atminimo-akmenys\/alytus\/seine-kronzonaite-boksickiene\/#breadcrumb","itemListElement":[{"@type":"ListItem","position":1,"name":"Home","item":"https:\/\/manoteises.lt\/atminimo-akmenys\/"},{"@type":"ListItem","position":2,"name":"Alytus","item":"https:\/\/manoteises.lt\/atminimo-akmenys\/alytus\/"},{"@type":"ListItem","position":3,"name":"\u0160ein\u0117 Kronzonait\u0117-Bok\u0161ickien\u0117"}]},{"@type":"WebSite","@id":"https:\/\/manoteises.lt\/atminimo-akmenys\/#website","url":"https:\/\/manoteises.lt\/atminimo-akmenys\/","name":"Atminimo akmenys","description":"","potentialAction":[{"@type":"SearchAction","target":{"@type":"EntryPoint","urlTemplate":"https:\/\/manoteises.lt\/atminimo-akmenys\/?s={search_term_string}"},"query-input":{"@type":"PropertyValueSpecification","valueRequired":true,"valueName":"search_term_string"}}],"inLanguage":"en-US"}]}},"_links":{"self":[{"href":"https:\/\/manoteises.lt\/atminimo-akmenys\/wp-json\/wp\/v2\/pages\/20478","targetHints":{"allow":["GET"]}}],"collection":[{"href":"https:\/\/manoteises.lt\/atminimo-akmenys\/wp-json\/wp\/v2\/pages"}],"about":[{"href":"https:\/\/manoteises.lt\/atminimo-akmenys\/wp-json\/wp\/v2\/types\/page"}],"author":[{"embeddable":true,"href":"https:\/\/manoteises.lt\/atminimo-akmenys\/wp-json\/wp\/v2\/users\/13"}],"replies":[{"embeddable":true,"href":"https:\/\/manoteises.lt\/atminimo-akmenys\/wp-json\/wp\/v2\/comments?post=20478"}],"version-history":[{"count":1,"href":"https:\/\/manoteises.lt\/atminimo-akmenys\/wp-json\/wp\/v2\/pages\/20478\/revisions"}],"predecessor-version":[{"id":23151,"href":"https:\/\/manoteises.lt\/atminimo-akmenys\/wp-json\/wp\/v2\/pages\/20478\/revisions\/23151"}],"up":[{"embeddable":true,"href":"https:\/\/manoteises.lt\/atminimo-akmenys\/wp-json\/wp\/v2\/pages\/17885"}],"wp:attachment":[{"href":"https:\/\/manoteises.lt\/atminimo-akmenys\/wp-json\/wp\/v2\/media?parent=20478"}],"curies":[{"name":"wp","href":"https:\/\/api.w.org\/{rel}","templated":true}]}}

Šeinė Kronzonaitė-Bokšickienė

<h1><strong>Šeinė Kronzonaitė-Bokšickienė<br />
</strong></h1>
<p>(g. 1981 m., nužudyta 1943 m. Paneriuose)</p>
<p>Šeinė Kronzonaitė-Bokšickienė gyveno Alytuje ir priklausė 1929-1940 m. Alytuje veikusiai Lietuvos sionistų moterų draugijai. Organizacijos tikslas buvo įkurti „žydų tautai teisėtą vietą Palestinoje”. Draugija buvo numačiusi steigti įvairias kultūros – švietimo įstaigas, kurios plėstų ir lavintų žydų kalbą, kultūrą ir literatūrą. Draugijos pirmininkė buvo Enė Cvilingienė, o vėliau ir pati Šeinė Kronzonaitė-Bokšickienė.</p>
<p>1939 m. ji kartu su šeima išsikraustė į Vilnių, o 1941 m. prasidėjus nacių okupacijai Lietuvoje kartu su šeima buvo kalinta Vilniaus gete. Vyras buvo nužudytas tais pačiais metais, o sūnus išvežtas į koncentracijos stovyklą Estijoje 1943 metais. Prieš pat geto likvidavimą 1943 m. kartu su dukra ji pabėgo iš geto ir bandė slapstytis, tačiau po kelių savaičių buvo surasta ir nužudyta. Jos dukrai Lilijai išsigelbėti pavyko.</p>
<p>Š.Bokšickienės sūnus Saadia Bahat savo motiną prisimena gražiais žodžiais ir ypatingu švelnumu:</p>
<p>„Mama buvo tarsi grožio, estetikos, gero skonio ir puikių manierų pavyzdys šeimoje. Viskas, ką ji darė, buvo tarsi elgesio modelis.“</p>
<p><strong>Atminimo akmuo Šeinai Kronzonaitei-Bokšickienei įrengtas Vilniaus g. 27 šalia kitų atminimo akmenų skirtų jos vyrui Mendeliui Bokšickui ir vaikams – dukrai Lilijai ir sūnui Saadia.</strong></p>
<p>Atminimo akmuo Šeinai Kronzonaitei-Bokšickienei įdėtas sūnaus Saadios Bahaat (Bokšickio), dukros Lilios Bokšickytei-Bahaat iniciatyva, padedant Adolfo Ramanausko Vanago gimnazijos moksleiviams, mokytojai Meilei Platūkienei ir Alytaus miesto savivaldybei.</p>

<p>Šeinė Kronzonaitė-Bokšickienė (g. 1981 m., nužudyta 1943 m. Paneriuose) Šeinė Kronzonaitė-Bokšickienė gyveno Alytuje ir priklausė 1929-1940 m. Alytuje veikusiai Lietuvos sionistų moterų draugijai. Organizacijos tikslas buvo įkurti „žydų tautai teisėtą vietą Palestinoje”. Draugija buvo numačiusi steigti įvairias kultūros – švietimo įstaigas, kurios plėstų ir lavintų žydų kalbą, kultūrą ir literatūrą. Draugijos pirmininkė buvo Enė Cvilingienė,</p>

<!-- This site is optimized with the Yoast SEO plugin v26.9 - https://yoast.com/product/yoast-seo-wordpress/ -->
<title>Šeinė Kronzonaitė-Bokšickienė &#8211; Atminimo akmenys</title>
<meta name="robots" content="index, follow, max-snippet:-1, max-image-preview:large, max-video-preview:-1" />
<link rel="canonical" href="https://manoteises.lt/atminimo-akmenys/alytus/seine-kronzonaite-boksickiene/" />
<meta name="twitter:label1" content="Est. reading time" />
	<meta name="twitter:data1" content="1 minute" />
<script type="application/ld+json" class="yoast-schema-graph">{"@context":"https://schema.org","@graph":[{"@type":"WebPage","@id":"https://manoteises.lt/atminimo-akmenys/alytus/seine-kronzonaite-boksickiene/","url":"https://manoteises.lt/atminimo-akmenys/alytus/seine-kronzonaite-boksickiene/","name":"Šeinė Kronzonaitė-Bokšickienė &#8211; Atminimo akmenys","isPartOf":{"@id":"https://manoteises.lt/atminimo-akmenys/#website"},"datePublished":"2020-02-21T15:36:38+00:00","dateModified":"2020-10-21T10:42:18+00:00","breadcrumb":{"@id":"https://manoteises.lt/atminimo-akmenys/alytus/seine-kronzonaite-boksickiene/#breadcrumb"},"inLanguage":"en-US","potentialAction":[{"@type":"ReadAction","target":["https://manoteises.lt/atminimo-akmenys/alytus/seine-kronzonaite-boksickiene/"]}]},{"@type":"BreadcrumbList","@id":"https://manoteises.lt/atminimo-akmenys/alytus/seine-kronzonaite-boksickiene/#breadcrumb","itemListElement":[{"@type":"ListItem","position":1,"name":"Home","item":"https://manoteises.lt/atminimo-akmenys/"},{"@type":"ListItem","position":2,"name":"Alytus","item":"https://manoteises.lt/atminimo-akmenys/alytus/"},{"@type":"ListItem","position":3,"name":"Šeinė Kronzonaitė-Bokšickienė"}]},{"@type":"WebSite","@id":"https://manoteises.lt/atminimo-akmenys/#website","url":"https://manoteises.lt/atminimo-akmenys/","name":"Atminimo akmenys","description":"","potentialAction":[{"@type":"SearchAction","target":{"@type":"EntryPoint","urlTemplate":"https://manoteises.lt/atminimo-akmenys/?s={search_term_string}"},"query-input":{"@type":"PropertyValueSpecification","valueRequired":true,"valueName":"search_term_string"}}],"inLanguage":"en-US"}]}</script>
<!-- / Yoast SEO plugin. -->

Šeinė Kronzonaitė-Bokšickienė &#8211; Atminimo akmenys
