{"id":23345,"date":"2021-06-24T04:16:26","date_gmt":"2021-06-24T01:16:26","guid":{"rendered":"https:\/\/manoteises.lt\/atminimo-akmenys\/?page_id=23345"},"modified":"2022-07-18T18:36:53","modified_gmt":"2022-07-18T15:36:53","slug":"darbenai","status":"publish","type":"page","link":"https:\/\/manoteises.lt\/atminimo-akmenys\/darbenai\/","title":{"rendered":"Darb\u0117nai (Kretingos raj.)"},"content":{"rendered":"<p><!--more--><\/p>\n<p style=\"text-align: justify;\">Darb\u0117nai \u2013 vienas i\u0161 daugelio miesteli\u0173 Lietuvoje, turintis turting\u0105 \u010dia gyvenusi\u0173 Lietuvos \u017eyd\u0173 istorij\u0105.<\/p>\n<p style=\"text-align: justify;\">Miestelio \u017eyd\u0173 bendruomen\u0117s prad\u017eia reik\u0117t\u0173 laikyti 1701 m.,\u00a0 Darb\u0117nams pirmiesiems gavus turgaus ir prekyme\u010di\u0173 privilegij\u0105 bei \u0117mus s\u0117kmingai konkuruoti su Lauk\u017eeme. \u0160iaur\u0117s karo metu, sunaikinus \u0160ventosios uost\u0105, Lauk\u017eem\u0117s \u017eyd\u0173 bendruomen\u0117 persik\u0117l\u0117 \u012f Darb\u0117n\u0173 miestel\u012f. Savo \u0161tetlui pavadinti \u017eydai tur\u0117jo atitikmen\u012f jidi\u0161 kalba \u2013 Darb\u0117nai \u2013 Dorbian arba Drobian. Miestelyje gars\u0117jo \u017eyd\u0173 amatininkai, siuv\u0117jai, pirkliai, gydytojai, visuomen\u0117s veik\u0117jai.<\/p>\n<p style=\"text-align: justify;\">Prie\u0161 prasidedant Holokaustui, Darb\u0117nuose gyveno apie 550 \u017eyd\u0173. 1941\u00a0m.\u00a0bir\u017eelio 22\u00a0d.\u00a0nacistin\u0117s Vokietijos\u00a0kariuomenei u\u017e\u0117mus\u00a0gyvenviet\u0119, \u017eyd\u0173 bendruomen\u0117 buvo mobilizuota miestelio \u201egerb\u016bvio darbams\u201c atlikti (\u0161luoti gatves, plikomis rankomis valyti i\u0161vietes ir pan.).<\/p>\n<p style=\"text-align: justify;\">Bir\u017eelio 28\u00a0d. visa bendruomen\u0117 surinkta miestelio centre ir p\u0117s\u010diomis i\u0161varyta \u012f\u00a0Kreting\u0105. \u017dmon\u0117s nufotografuoti prie\u00a0\u017eyd\u0173 kapini\u0173\u00a0ir po poros valand\u0173 i\u0161si\u0173sti atgal \u012f Darb\u0117nus. Gr\u012f\u017e\u0119 nakvojo po atviru dangumi \u00a0pietvakariniame miestelio pakra\u0161tyje.<\/p>\n<p style=\"text-align: justify;\">Bir\u017eelio 29 d. atvyk\u0119 vokie\u010di\u0173 karininkai, padedami vietos pagalbinink\u0173-policinink\u0173, atskyr\u0117 apie 150 \u017eyd\u0173 vyr\u0173, kuriuos su\u0161aud\u0117 u\u017e miestelio prie Palangos kelio. Apie 400 likusi\u0173 moter\u0173 ir vaik\u0173 buvo u\u017edaryti miestelio sinagogoje. Liepos m\u0117n. prad\u017eioje apie 60 jaun\u0173 moter\u0173 (mergin\u0173) buvo atrinktos ir i\u0161si\u0173stos pas vals\u010diaus \u016bkininkus pagalbiniams \u016bkio darbams atlikti.<\/p>\n<p style=\"text-align: justify;\">1941 m. rugs\u0117jo prad\u017eioje vie\u0161osios policijos Darb\u0117n\u0173 nuovados vir\u0161ininkas sudar\u0117 sinagogoje laikom\u0173 moter\u0173 su vaikais s\u0105ra\u0161\u0105.\u00a0Nuovados vir\u0161ininko vadovaujami 7 pagalbiniai-policininkai tos pa\u010dios dienos vakar\u0105 i\u0161 sinagogos i\u0161ved\u0117 apie 120 \u017emoni\u0173, nuvar\u0117 \u012f Balto kalno mi\u0161k\u0105, kuriame \u017eiauriai nu\u017eud\u0117, dau\u017eydami per galvas pagaliais, prie kuri\u0173 gal\u0173 buvusios pritvirtintos gele\u017eys. Po 2\u20133 dien\u0173 \u012f t\u0105 pa\u010di\u0105 viet\u0105 buvo i\u0161vesta ir su\u0161audyta likusi 200 asmen\u0173 grup\u0117.\u00a0I\u0161 viso Balto kalno mi\u0161ke prie Vaineiki\u0173 kelio \u017euvo per 320 Darb\u0117n\u0173 \u017eyd\u0173 bendruomen\u0117s moter\u0173 ir vaik\u0173.<\/p>\n<p style=\"text-align: justify;\">\u0160iandien ka\u017ekada buvusios gausios visuomen\u0117s dalies p\u0117dsakus mena tik laiko blukinami paminkliniai akmenys senosiose \u017eyd\u0173 kapin\u0117se bei miestelio centre stovintys ir rekonstrukcijos laukiantys du \u010dia ka\u017ekada gyvenusi\u0173 \u017eyd\u0173 namai. Darb\u0117n\u0173 \u017eyd\u0173 nekilnojamas materialusis paveldas nebeatsispindi miestelio architekt\u016briniame veide, o bendruomen\u0117s dvasinis palikimas pranyko kartu su sunaikintu \u0161tetlu.<\/p>\n<p>Atminimo akmenys Darb\u0117nuose yra \u012frengti <a href=\"https:\/\/manoteises.lt\/atminimo-akmenys\/darbenai\/elijahu-bruckus\/\" target=\"_blank\" rel=\"noopener noreferrer\">Elijahu Bruckui<\/a> (Turgaus a. 13) ir <a href=\"https:\/\/manoteises.lt\/atminimo-akmenys\/darbenai\/estera-kverelyte\/\" target=\"_blank\" rel=\"noopener noreferrer\">Esterai Kverelytei<\/a> (Turgaus a. 9) atminti. Atminimo akmen\u0173 \u012frengim\u0105 inicijavo mokytoja Edita Glio\u017eerien\u0117.<\/p>\n","protected":false},"excerpt":{"rendered":"","protected":false},"author":15,"featured_media":0,"parent":0,"menu_order":2,"comment_status":"closed","ping_status":"closed","template":"page-akmenys-miestas.php","meta":{"_acf_changed":false,"footnotes":""},"class_list":["post-23345","page","type-page","status-publish","hentry"],"acf":[],"yoast_head":"<!-- This site is optimized with the Yoast SEO plugin v26.9 - https:\/\/yoast.com\/product\/yoast-seo-wordpress\/ -->\n<title>Darb\u0117nai (Kretingos raj.) - Atminimo akmenys<\/title>\n<meta name=\"description\" content=\"Darb\u0117nai, Edita Glio\u017eerien\u0117, Kretingos rajonas, Atminimo akmenys, Holokaustas Lietuvoje, istorija, atmintis, Lietuvos \u017eydai, \u017eydai\" \/>\n<meta name=\"robots\" content=\"index, follow, max-snippet:-1, max-image-preview:large, max-video-preview:-1\" \/>\n<link rel=\"canonical\" href=\"https:\/\/manoteises.lt\/atminimo-akmenys\/darbenai\/\" \/>\n<meta name=\"twitter:label1\" content=\"Est. reading time\" \/>\n\t<meta name=\"twitter:data1\" content=\"2 minutes\" \/>\n<script type=\"application\/ld+json\" class=\"yoast-schema-graph\">{\"@context\":\"https:\/\/schema.org\",\"@graph\":[{\"@type\":\"WebPage\",\"@id\":\"https:\/\/manoteises.lt\/atminimo-akmenys\/darbenai\/\",\"url\":\"https:\/\/manoteises.lt\/atminimo-akmenys\/darbenai\/\",\"name\":\"Darb\u0117nai (Kretingos raj.)\",\"isPartOf\":{\"@id\":\"https:\/\/manoteises.lt\/atminimo-akmenys\/#website\"},\"datePublished\":\"2021-06-24T01:16:26+00:00\",\"dateModified\":\"2022-07-18T15:36:53+00:00\",\"description\":\"Darb\u0117nai, Edita Glio\u017eerien\u0117, Kretingos rajonas, Atminimo akmenys, Holokaustas Lietuvoje, istorija, atmintis, Lietuvos \u017eydai, \u017eydai\",\"breadcrumb\":{\"@id\":\"https:\/\/manoteises.lt\/atminimo-akmenys\/darbenai\/#breadcrumb\"},\"inLanguage\":\"en-US\",\"potentialAction\":[{\"@type\":\"ReadAction\",\"target\":[\"https:\/\/manoteises.lt\/atminimo-akmenys\/darbenai\/\"]}]},{\"@type\":\"BreadcrumbList\",\"@id\":\"https:\/\/manoteises.lt\/atminimo-akmenys\/darbenai\/#breadcrumb\",\"itemListElement\":[{\"@type\":\"ListItem\",\"position\":1,\"name\":\"Home\",\"item\":\"https:\/\/manoteises.lt\/atminimo-akmenys\/\"},{\"@type\":\"ListItem\",\"position\":2,\"name\":\"Darb\u0117nai (Kretingos raj.)\"}]},{\"@type\":\"WebSite\",\"@id\":\"https:\/\/manoteises.lt\/atminimo-akmenys\/#website\",\"url\":\"https:\/\/manoteises.lt\/atminimo-akmenys\/\",\"name\":\"Atminimo akmenys\",\"description\":\"\",\"potentialAction\":[{\"@type\":\"SearchAction\",\"target\":{\"@type\":\"EntryPoint\",\"urlTemplate\":\"https:\/\/manoteises.lt\/atminimo-akmenys\/?s={search_term_string}\"},\"query-input\":{\"@type\":\"PropertyValueSpecification\",\"valueRequired\":true,\"valueName\":\"search_term_string\"}}],\"inLanguage\":\"en-US\"}]}<\/script>\n<!-- \/ Yoast SEO plugin. -->","yoast_head_json":{"title":"Darb\u0117nai (Kretingos raj.) - Atminimo akmenys","description":"Darb\u0117nai, Edita Glio\u017eerien\u0117, Kretingos rajonas, Atminimo akmenys, Holokaustas Lietuvoje, istorija, atmintis, Lietuvos \u017eydai, \u017eydai","robots":{"index":"index","follow":"follow","max-snippet":"max-snippet:-1","max-image-preview":"max-image-preview:large","max-video-preview":"max-video-preview:-1"},"canonical":"https:\/\/manoteises.lt\/atminimo-akmenys\/darbenai\/","twitter_misc":{"Est. reading time":"2 minutes"},"schema":{"@context":"https:\/\/schema.org","@graph":[{"@type":"WebPage","@id":"https:\/\/manoteises.lt\/atminimo-akmenys\/darbenai\/","url":"https:\/\/manoteises.lt\/atminimo-akmenys\/darbenai\/","name":"Darb\u0117nai (Kretingos raj.)","isPartOf":{"@id":"https:\/\/manoteises.lt\/atminimo-akmenys\/#website"},"datePublished":"2021-06-24T01:16:26+00:00","dateModified":"2022-07-18T15:36:53+00:00","description":"Darb\u0117nai, Edita Glio\u017eerien\u0117, Kretingos rajonas, Atminimo akmenys, Holokaustas Lietuvoje, istorija, atmintis, Lietuvos \u017eydai, \u017eydai","breadcrumb":{"@id":"https:\/\/manoteises.lt\/atminimo-akmenys\/darbenai\/#breadcrumb"},"inLanguage":"en-US","potentialAction":[{"@type":"ReadAction","target":["https:\/\/manoteises.lt\/atminimo-akmenys\/darbenai\/"]}]},{"@type":"BreadcrumbList","@id":"https:\/\/manoteises.lt\/atminimo-akmenys\/darbenai\/#breadcrumb","itemListElement":[{"@type":"ListItem","position":1,"name":"Home","item":"https:\/\/manoteises.lt\/atminimo-akmenys\/"},{"@type":"ListItem","position":2,"name":"Darb\u0117nai (Kretingos raj.)"}]},{"@type":"WebSite","@id":"https:\/\/manoteises.lt\/atminimo-akmenys\/#website","url":"https:\/\/manoteises.lt\/atminimo-akmenys\/","name":"Atminimo akmenys","description":"","potentialAction":[{"@type":"SearchAction","target":{"@type":"EntryPoint","urlTemplate":"https:\/\/manoteises.lt\/atminimo-akmenys\/?s={search_term_string}"},"query-input":{"@type":"PropertyValueSpecification","valueRequired":true,"valueName":"search_term_string"}}],"inLanguage":"en-US"}]}},"_links":{"self":[{"href":"https:\/\/manoteises.lt\/atminimo-akmenys\/wp-json\/wp\/v2\/pages\/23345","targetHints":{"allow":["GET"]}}],"collection":[{"href":"https:\/\/manoteises.lt\/atminimo-akmenys\/wp-json\/wp\/v2\/pages"}],"about":[{"href":"https:\/\/manoteises.lt\/atminimo-akmenys\/wp-json\/wp\/v2\/types\/page"}],"author":[{"embeddable":true,"href":"https:\/\/manoteises.lt\/atminimo-akmenys\/wp-json\/wp\/v2\/users\/15"}],"replies":[{"embeddable":true,"href":"https:\/\/manoteises.lt\/atminimo-akmenys\/wp-json\/wp\/v2\/comments?post=23345"}],"version-history":[{"count":12,"href":"https:\/\/manoteises.lt\/atminimo-akmenys\/wp-json\/wp\/v2\/pages\/23345\/revisions"}],"predecessor-version":[{"id":23692,"href":"https:\/\/manoteises.lt\/atminimo-akmenys\/wp-json\/wp\/v2\/pages\/23345\/revisions\/23692"}],"wp:attachment":[{"href":"https:\/\/manoteises.lt\/atminimo-akmenys\/wp-json\/wp\/v2\/media?parent=23345"}],"curies":[{"name":"wp","href":"https:\/\/api.w.org\/{rel}","templated":true}]}}

Darbėnai (Kretingos raj.)

<p><!--more--></p>
<p style="text-align: justify;">Darbėnai – vienas iš daugelio miestelių Lietuvoje, turintis turtingą čia gyvenusių Lietuvos žydų istoriją.</p>
<p style="text-align: justify;">Miestelio žydų bendruomenės pradžia reikėtų laikyti 1701 m.,  Darbėnams pirmiesiems gavus turgaus ir prekymečių privilegiją bei ėmus sėkmingai konkuruoti su Laukžeme. Šiaurės karo metu, sunaikinus Šventosios uostą, Laukžemės žydų bendruomenė persikėlė į Darbėnų miestelį. Savo štetlui pavadinti žydai turėjo atitikmenį jidiš kalba – Darbėnai – Dorbian arba Drobian. Miestelyje garsėjo žydų amatininkai, siuvėjai, pirkliai, gydytojai, visuomenės veikėjai.</p>
<p style="text-align: justify;">Prieš prasidedant Holokaustui, Darbėnuose gyveno apie 550 žydų. 1941 m. birželio 22 d. nacistinės Vokietijos kariuomenei užėmus gyvenvietę, žydų bendruomenė buvo mobilizuota miestelio „gerbūvio darbams“ atlikti (šluoti gatves, plikomis rankomis valyti išvietes ir pan.).</p>
<p style="text-align: justify;">Birželio 28 d. visa bendruomenė surinkta miestelio centre ir pėsčiomis išvaryta į Kretingą. Žmonės nufotografuoti prie žydų kapinių ir po poros valandų išsiųsti atgal į Darbėnus. Grįžę nakvojo po atviru dangumi  pietvakariniame miestelio pakraštyje.</p>
<p style="text-align: justify;">Birželio 29 d. atvykę vokiečių karininkai, padedami vietos pagalbininkų-policininkų, atskyrė apie 150 žydų vyrų, kuriuos sušaudė už miestelio prie Palangos kelio. Apie 400 likusių moterų ir vaikų buvo uždaryti miestelio sinagogoje. Liepos mėn. pradžioje apie 60 jaunų moterų (merginų) buvo atrinktos ir išsiųstos pas valsčiaus ūkininkus pagalbiniams ūkio darbams atlikti.</p>
<p style="text-align: justify;">1941 m. rugsėjo pradžioje viešosios policijos Darbėnų nuovados viršininkas sudarė sinagogoje laikomų moterų su vaikais sąrašą. Nuovados viršininko vadovaujami 7 pagalbiniai-policininkai tos pačios dienos vakarą iš sinagogos išvedė apie 120 žmonių, nuvarė į Balto kalno mišką, kuriame žiauriai nužudė, daužydami per galvas pagaliais, prie kurių galų buvusios pritvirtintos geležys. Po 2–3 dienų į tą pačią vietą buvo išvesta ir sušaudyta likusi 200 asmenų grupė. Iš viso Balto kalno miške prie Vaineikių kelio žuvo per 320 Darbėnų žydų bendruomenės moterų ir vaikų.</p>
<p style="text-align: justify;">Šiandien kažkada buvusios gausios visuomenės dalies pėdsakus mena tik laiko blukinami paminkliniai akmenys senosiose žydų kapinėse bei miestelio centre stovintys ir rekonstrukcijos laukiantys du čia kažkada gyvenusių žydų namai. Darbėnų žydų nekilnojamas materialusis paveldas nebeatsispindi miestelio architektūriniame veide, o bendruomenės dvasinis palikimas pranyko kartu su sunaikintu štetlu.</p>
<p>Atminimo akmenys Darbėnuose yra įrengti <a href="https://manoteises.lt/atminimo-akmenys/darbenai/elijahu-bruckus/" target="_blank" rel="noopener noreferrer">Elijahu Bruckui</a> (Turgaus a. 13) ir <a href="https://manoteises.lt/atminimo-akmenys/darbenai/estera-kverelyte/" target="_blank" rel="noopener noreferrer">Esterai Kverelytei</a> (Turgaus a. 9) atminti. Atminimo akmenų įrengimą inicijavo mokytoja Edita Gliožerienė.</p>

<!-- This site is optimized with the Yoast SEO plugin v26.9 - https://yoast.com/product/yoast-seo-wordpress/ -->
<title>Darbėnai (Kretingos raj.) - Atminimo akmenys</title>
<meta name="description" content="Darbėnai, Edita Gliožerienė, Kretingos rajonas, Atminimo akmenys, Holokaustas Lietuvoje, istorija, atmintis, Lietuvos žydai, žydai" />
<meta name="robots" content="index, follow, max-snippet:-1, max-image-preview:large, max-video-preview:-1" />
<link rel="canonical" href="https://manoteises.lt/atminimo-akmenys/darbenai/" />
<meta name="twitter:label1" content="Est. reading time" />
	<meta name="twitter:data1" content="2 minutes" />
<script type="application/ld+json" class="yoast-schema-graph">{"@context":"https://schema.org","@graph":[{"@type":"WebPage","@id":"https://manoteises.lt/atminimo-akmenys/darbenai/","url":"https://manoteises.lt/atminimo-akmenys/darbenai/","name":"Darbėnai (Kretingos raj.)","isPartOf":{"@id":"https://manoteises.lt/atminimo-akmenys/#website"},"datePublished":"2021-06-24T01:16:26+00:00","dateModified":"2022-07-18T15:36:53+00:00","description":"Darbėnai, Edita Gliožerienė, Kretingos rajonas, Atminimo akmenys, Holokaustas Lietuvoje, istorija, atmintis, Lietuvos žydai, žydai","breadcrumb":{"@id":"https://manoteises.lt/atminimo-akmenys/darbenai/#breadcrumb"},"inLanguage":"en-US","potentialAction":[{"@type":"ReadAction","target":["https://manoteises.lt/atminimo-akmenys/darbenai/"]}]},{"@type":"BreadcrumbList","@id":"https://manoteises.lt/atminimo-akmenys/darbenai/#breadcrumb","itemListElement":[{"@type":"ListItem","position":1,"name":"Home","item":"https://manoteises.lt/atminimo-akmenys/"},{"@type":"ListItem","position":2,"name":"Darbėnai (Kretingos raj.)"}]},{"@type":"WebSite","@id":"https://manoteises.lt/atminimo-akmenys/#website","url":"https://manoteises.lt/atminimo-akmenys/","name":"Atminimo akmenys","description":"","potentialAction":[{"@type":"SearchAction","target":{"@type":"EntryPoint","urlTemplate":"https://manoteises.lt/atminimo-akmenys/?s={search_term_string}"},"query-input":{"@type":"PropertyValueSpecification","valueRequired":true,"valueName":"search_term_string"}}],"inLanguage":"en-US"}]}</script>
<!-- / Yoast SEO plugin. -->

Darbėnai (Kretingos raj.) - Atminimo akmenys

Darbėnai, Edita Gliožerienė, Kretingos rajonas, Atminimo akmenys, Holokaustas Lietuvoje, istorija, atmintis, Lietuvos žydai, žydai
