{"id":23385,"date":"2021-06-24T05:45:09","date_gmt":"2021-06-24T02:45:09","guid":{"rendered":"https:\/\/manoteises.lt\/atminimo-akmenys\/?page_id=23385"},"modified":"2022-07-16T19:40:13","modified_gmt":"2022-07-16T16:40:13","slug":"estera-kverelyte","status":"publish","type":"page","link":"https:\/\/manoteises.lt\/atminimo-akmenys\/darbenai\/estera-kverelyte\/","title":{"rendered":"Estera Kverelyt\u0117"},"content":{"rendered":"<h1 style=\"text-align: justify;\"><strong>Estera Kverelyt\u0117<\/strong><\/h1>\n<p><em>Atminimo akmuo Esterai Kverelytei \u012frengtas Turgaus a. 9, Darb\u0117nuose, Kretingos raj.<\/em><\/p>\n<p>Darb\u0117n\u0173 miestelyje 1924 ar 1925 m. Batios (1904-1941) ir Jo\u0161ua (1898-1941) Kvereli\u0173 \u0161eimoje gim\u0117 pirmagim\u0117 dukra, pavadinta Esteros vardu. Jos t\u0117vai vert\u0117si prekyba, tur\u0117jo savo parduotuv\u0119, buvo vieni i\u0161 turtingesni\u0173 Darb\u0117n\u0173 miestelio \u017eyd\u0173.<\/p>\n<p>Estera, baigusi Darb\u0117n\u0173 prad\u017eios mokykl\u0105, toliau mokslo siek\u0117 Kretingoje, Pranci\u0161kon\u0173 gimnazijoje.<\/p>\n<div id=\"attachment_23388\" style=\"width: 948px\" class=\"wp-caption alignnone\"><img loading=\"lazy\" decoding=\"async\" aria-describedby=\"caption-attachment-23388\" class=\"wp-image-23388 size-full\" src=\"https:\/\/manoteises.lt\/atminimo-akmenys\/wp-content\/uploads\/2021\/06\/Screen-Shot-2021-06-23-at-10.49.50-PM.png\" alt=\"\" width=\"938\" height=\"522\" srcset=\"https:\/\/manoteises.lt\/atminimo-akmenys\/wp-content\/uploads\/2021\/06\/Screen-Shot-2021-06-23-at-10.49.50-PM.png 938w, https:\/\/manoteises.lt\/atminimo-akmenys\/wp-content\/uploads\/2021\/06\/Screen-Shot-2021-06-23-at-10.49.50-PM-300x167.png 300w, https:\/\/manoteises.lt\/atminimo-akmenys\/wp-content\/uploads\/2021\/06\/Screen-Shot-2021-06-23-at-10.49.50-PM-768x427.png 768w, https:\/\/manoteises.lt\/atminimo-akmenys\/wp-content\/uploads\/2021\/06\/Screen-Shot-2021-06-23-at-10.49.50-PM-825x459.png 825w, https:\/\/manoteises.lt\/atminimo-akmenys\/wp-content\/uploads\/2021\/06\/Screen-Shot-2021-06-23-at-10.49.50-PM-863x480.png 863w\" sizes=\"auto, (max-width: 938px) 100vw, 938px\" \/><p id=\"caption-attachment-23388\" class=\"wp-caption-text\"><em>MOKSLEIV\u0116S. Kretingos pranci\u0161kon\u0173 gimnazijos moksleiv\u0117s (i\u0161 de\u0161in\u0117s): pirma &#8211; Birut\u0117 Japertait\u0117, tre\u010dia &#8211; Estera Kverelyt\u0117, apie 1940 m.<\/em><\/p><\/div>\n<p>Darb\u0117nuose, kur gyveno Kvereli\u0173 \u0161eima, nacistinis teroras prasid\u0117jo jau pirm\u0105 karo dien\u0105.\u00a0Apie 400 \u017eyd\u0173, daugiausia moterys ir vaikai, buvo u\u017edaryti miestelio sinagogoje, kur per vasaros kar\u0161\u010dius buvo laikomi pasibais\u0117tinomis antisanitarin\u0117mis s\u0105lygomis.<\/p>\n<p>Apylinki\u0173 \u016bkininkams buvo leista pas save \u016bkio darbams pasiimti dal\u012f \u017emoni\u0173.\u00a0Netoli Darb\u0117n\u0173, \u017delvi\u0173 kaime, gyven\u0119 Petron\u0117l\u0117 ir Adomas Narkai nuvyko \u012f miestel\u012f ir i\u0161 sinagogos parsive\u017e\u0117 B. Kverelien\u0119, jos dukr\u0105 Ester\u0105 bei jos brolius \u2013 trylikamet\u012f Motk\u0119 ir keturmet\u012f Chaim\u0105.<\/p>\n<p>M\u0117lynak\u0119, rusvaplauk\u0119, be akcento lietuvi\u0161kai kalb\u0117jusi\u0105 Ester\u0105 netrukus pas save priglaud\u0117 netoli savo vasaros sodyboje gyvenusi Japert\u0173 \u0161eima.\u00a0Neu\u017eilgo \u012f Japert\u0173 sodyb\u0105 u\u017esuko vienas i\u0161 budeli\u0173 V. Ja\u0161inskas, pasi\u017eym\u0117j\u0119s pasmerkt\u0173j\u0173 mir\u010diai moter\u0173 prievartavimu.<\/p>\n<p>Pasak S. Japerto, \u0161autuvu ginkluotas policininkas V. Ja\u0161inskas \u012f j\u0173 namus atvyko dvira\u010diu. Pareikalav\u0119s Esteros parodyti, kur pasl\u0117ptas jos \u0161eimos auksas, grasindamas ginklu, u\u017esisodin\u0119s j\u0105 ant dvira\u010dio, i\u0161sive\u017e\u0117 Darb\u0117n\u0173 link. Nor\u0117damas apsaugoti Ester\u0105, kartu dvira\u010diu i\u0161va\u017eiavo ir Stasio vyresnysis brolis Vytautas (gim. 1922 m.), bet gr\u012f\u017eo atgal, nes V. Ja\u0161inskas jam pagrasino ginklu.<\/p>\n<p>Estera \u012f Japert\u0173 sodyb\u0105 daugiau nebegr\u012f\u017eo. Jos i\u0161niekint\u0105, kulk\u0173 suvarpyt\u0105, \u0161akomis apkraut\u0105 k\u016bn\u0105 u\u017e keli\u0173 dien\u0173 mi\u0161kelyje prie kelio Darb\u0117nai \u2013 Lauk\u017eem\u0117 surado netoli gyven\u0119s ir eiguliu dirb\u0119s vietos gyventojas Pakalni\u0161kis. Matyt, netoliese j\u0105 ir palaidojo.<\/p>\n<p>Estera Kverelyt\u0117, kaip ir A. Frank, taip pat ra\u0161\u0117\u00a0 ir po savo \u017e\u016bties paliko nebaigt\u0105 dienora\u0161t\u012f. Tik skirtingai nuo A. Frank, jai likimas leido j\u012f ra\u0161yti tik kelis naci\u0173 okupacijos m\u0117nesius. Svajinga poeti\u0161kos sielos mergait\u0117, kurios vienintel\u0117 kalt\u0117 buvo tai, kad \u012f \u0161\u012f pasaul\u012f ji at\u0117jo \u017eyd\u0173 \u0161eimoje nujausdama savo tragi\u0161k\u0105 likim\u0105 dienora\u0161tyje ra\u0161\u0117 \u201eNieko negaliu para\u0161yti, viskas mai\u0161osi, \u017elunga, tyliai leid\u017eiasi \u012f bedugn\u0119. Dieve, u\u017e k\u0105 taip anksti, u\u017e k\u0105? Dar a\u0161 taip noriu gyventi!\u201c<\/p>\n<p>Atminimo akmens \u012frengim\u0105 inicijavo Kretingos raj. Darb\u0117n\u0173 gimnazijos mokytoja Edita Glio\u017eerien\u0117.<\/p>\n","protected":false},"excerpt":{"rendered":"<p>Estera Kverelyt\u0117 Atminimo akmuo Esterai Kverelytei \u012frengtas Turgaus a. 9, Darb\u0117nuose, Kretingos raj. Darb\u0117n\u0173 miestelyje 1924 ar 1925 m. Batios (1904-1941) ir Jo\u0161ua (1898-1941) Kvereli\u0173 \u0161eimoje gim\u0117 pirmagim\u0117 dukra, pavadinta Esteros vardu. Jos t\u0117vai vert\u0117si prekyba, tur\u0117jo savo parduotuv\u0119, buvo vieni i\u0161 turtingesni\u0173 Darb\u0117n\u0173 miestelio \u017eyd\u0173. Estera, baigusi Darb\u0117n\u0173 prad\u017eios mokykl\u0105, toliau mokslo siek\u0117 Kretingoje,<\/p>\n","protected":false},"author":15,"featured_media":0,"parent":23345,"menu_order":0,"comment_status":"closed","ping_status":"closed","template":"page-akmenys-vidinis.php","meta":{"_acf_changed":false,"footnotes":""},"class_list":["post-23385","page","type-page","status-publish","hentry"],"acf":[],"yoast_head":"<!-- This site is optimized with the Yoast SEO plugin v26.9 - https:\/\/yoast.com\/product\/yoast-seo-wordpress\/ -->\n<title>Estera Kverelyt\u0117 - Atminimo akmenys<\/title>\n<meta name=\"description\" content=\"Holokaustas, Darb\u0117nai, Holokaustas Lietuvoje,\" \/>\n<meta name=\"robots\" content=\"index, follow, max-snippet:-1, max-image-preview:large, max-video-preview:-1\" \/>\n<link rel=\"canonical\" href=\"https:\/\/manoteises.lt\/atminimo-akmenys\/darbenai\/estera-kverelyte\/\" \/>\n<meta name=\"twitter:label1\" content=\"Est. reading time\" \/>\n\t<meta name=\"twitter:data1\" content=\"2 minutes\" \/>\n<script type=\"application\/ld+json\" class=\"yoast-schema-graph\">{\"@context\":\"https:\/\/schema.org\",\"@graph\":[{\"@type\":\"WebPage\",\"@id\":\"https:\/\/manoteises.lt\/atminimo-akmenys\/darbenai\/estera-kverelyte\/\",\"url\":\"https:\/\/manoteises.lt\/atminimo-akmenys\/darbenai\/estera-kverelyte\/\",\"name\":\"Estera Kverelyt\u0117\",\"isPartOf\":{\"@id\":\"https:\/\/manoteises.lt\/atminimo-akmenys\/#website\"},\"primaryImageOfPage\":{\"@id\":\"https:\/\/manoteises.lt\/atminimo-akmenys\/darbenai\/estera-kverelyte\/#primaryimage\"},\"image\":{\"@id\":\"https:\/\/manoteises.lt\/atminimo-akmenys\/darbenai\/estera-kverelyte\/#primaryimage\"},\"thumbnailUrl\":\"https:\/\/manoteises.lt\/atminimo-akmenys\/wp-content\/uploads\/2021\/06\/Screen-Shot-2021-06-23-at-10.49.50-PM.png\",\"datePublished\":\"2021-06-24T02:45:09+00:00\",\"dateModified\":\"2022-07-16T16:40:13+00:00\",\"description\":\"Holokaustas, Darb\u0117nai, Holokaustas Lietuvoje,\",\"breadcrumb\":{\"@id\":\"https:\/\/manoteises.lt\/atminimo-akmenys\/darbenai\/estera-kverelyte\/#breadcrumb\"},\"inLanguage\":\"en-US\",\"potentialAction\":[{\"@type\":\"ReadAction\",\"target\":[\"https:\/\/manoteises.lt\/atminimo-akmenys\/darbenai\/estera-kverelyte\/\"]}]},{\"@type\":\"ImageObject\",\"inLanguage\":\"en-US\",\"@id\":\"https:\/\/manoteises.lt\/atminimo-akmenys\/darbenai\/estera-kverelyte\/#primaryimage\",\"url\":\"https:\/\/manoteises.lt\/atminimo-akmenys\/wp-content\/uploads\/2021\/06\/Screen-Shot-2021-06-23-at-10.49.50-PM.png\",\"contentUrl\":\"https:\/\/manoteises.lt\/atminimo-akmenys\/wp-content\/uploads\/2021\/06\/Screen-Shot-2021-06-23-at-10.49.50-PM.png\",\"width\":938,\"height\":522},{\"@type\":\"BreadcrumbList\",\"@id\":\"https:\/\/manoteises.lt\/atminimo-akmenys\/darbenai\/estera-kverelyte\/#breadcrumb\",\"itemListElement\":[{\"@type\":\"ListItem\",\"position\":1,\"name\":\"Home\",\"item\":\"https:\/\/manoteises.lt\/atminimo-akmenys\/\"},{\"@type\":\"ListItem\",\"position\":2,\"name\":\"Darb\u0117nai (Kretingos raj.)\",\"item\":\"https:\/\/manoteises.lt\/atminimo-akmenys\/darbenai\/\"},{\"@type\":\"ListItem\",\"position\":3,\"name\":\"Estera Kverelyt\u0117\"}]},{\"@type\":\"WebSite\",\"@id\":\"https:\/\/manoteises.lt\/atminimo-akmenys\/#website\",\"url\":\"https:\/\/manoteises.lt\/atminimo-akmenys\/\",\"name\":\"Atminimo akmenys\",\"description\":\"\",\"potentialAction\":[{\"@type\":\"SearchAction\",\"target\":{\"@type\":\"EntryPoint\",\"urlTemplate\":\"https:\/\/manoteises.lt\/atminimo-akmenys\/?s={search_term_string}\"},\"query-input\":{\"@type\":\"PropertyValueSpecification\",\"valueRequired\":true,\"valueName\":\"search_term_string\"}}],\"inLanguage\":\"en-US\"}]}<\/script>\n<!-- \/ Yoast SEO plugin. -->","yoast_head_json":{"title":"Estera Kverelyt\u0117 - Atminimo akmenys","description":"Holokaustas, Darb\u0117nai, Holokaustas Lietuvoje,","robots":{"index":"index","follow":"follow","max-snippet":"max-snippet:-1","max-image-preview":"max-image-preview:large","max-video-preview":"max-video-preview:-1"},"canonical":"https:\/\/manoteises.lt\/atminimo-akmenys\/darbenai\/estera-kverelyte\/","twitter_misc":{"Est. reading time":"2 minutes"},"schema":{"@context":"https:\/\/schema.org","@graph":[{"@type":"WebPage","@id":"https:\/\/manoteises.lt\/atminimo-akmenys\/darbenai\/estera-kverelyte\/","url":"https:\/\/manoteises.lt\/atminimo-akmenys\/darbenai\/estera-kverelyte\/","name":"Estera Kverelyt\u0117","isPartOf":{"@id":"https:\/\/manoteises.lt\/atminimo-akmenys\/#website"},"primaryImageOfPage":{"@id":"https:\/\/manoteises.lt\/atminimo-akmenys\/darbenai\/estera-kverelyte\/#primaryimage"},"image":{"@id":"https:\/\/manoteises.lt\/atminimo-akmenys\/darbenai\/estera-kverelyte\/#primaryimage"},"thumbnailUrl":"https:\/\/manoteises.lt\/atminimo-akmenys\/wp-content\/uploads\/2021\/06\/Screen-Shot-2021-06-23-at-10.49.50-PM.png","datePublished":"2021-06-24T02:45:09+00:00","dateModified":"2022-07-16T16:40:13+00:00","description":"Holokaustas, Darb\u0117nai, Holokaustas Lietuvoje,","breadcrumb":{"@id":"https:\/\/manoteises.lt\/atminimo-akmenys\/darbenai\/estera-kverelyte\/#breadcrumb"},"inLanguage":"en-US","potentialAction":[{"@type":"ReadAction","target":["https:\/\/manoteises.lt\/atminimo-akmenys\/darbenai\/estera-kverelyte\/"]}]},{"@type":"ImageObject","inLanguage":"en-US","@id":"https:\/\/manoteises.lt\/atminimo-akmenys\/darbenai\/estera-kverelyte\/#primaryimage","url":"https:\/\/manoteises.lt\/atminimo-akmenys\/wp-content\/uploads\/2021\/06\/Screen-Shot-2021-06-23-at-10.49.50-PM.png","contentUrl":"https:\/\/manoteises.lt\/atminimo-akmenys\/wp-content\/uploads\/2021\/06\/Screen-Shot-2021-06-23-at-10.49.50-PM.png","width":938,"height":522},{"@type":"BreadcrumbList","@id":"https:\/\/manoteises.lt\/atminimo-akmenys\/darbenai\/estera-kverelyte\/#breadcrumb","itemListElement":[{"@type":"ListItem","position":1,"name":"Home","item":"https:\/\/manoteises.lt\/atminimo-akmenys\/"},{"@type":"ListItem","position":2,"name":"Darb\u0117nai (Kretingos raj.)","item":"https:\/\/manoteises.lt\/atminimo-akmenys\/darbenai\/"},{"@type":"ListItem","position":3,"name":"Estera Kverelyt\u0117"}]},{"@type":"WebSite","@id":"https:\/\/manoteises.lt\/atminimo-akmenys\/#website","url":"https:\/\/manoteises.lt\/atminimo-akmenys\/","name":"Atminimo akmenys","description":"","potentialAction":[{"@type":"SearchAction","target":{"@type":"EntryPoint","urlTemplate":"https:\/\/manoteises.lt\/atminimo-akmenys\/?s={search_term_string}"},"query-input":{"@type":"PropertyValueSpecification","valueRequired":true,"valueName":"search_term_string"}}],"inLanguage":"en-US"}]}},"_links":{"self":[{"href":"https:\/\/manoteises.lt\/atminimo-akmenys\/wp-json\/wp\/v2\/pages\/23385","targetHints":{"allow":["GET"]}}],"collection":[{"href":"https:\/\/manoteises.lt\/atminimo-akmenys\/wp-json\/wp\/v2\/pages"}],"about":[{"href":"https:\/\/manoteises.lt\/atminimo-akmenys\/wp-json\/wp\/v2\/types\/page"}],"author":[{"embeddable":true,"href":"https:\/\/manoteises.lt\/atminimo-akmenys\/wp-json\/wp\/v2\/users\/15"}],"replies":[{"embeddable":true,"href":"https:\/\/manoteises.lt\/atminimo-akmenys\/wp-json\/wp\/v2\/comments?post=23385"}],"version-history":[{"count":10,"href":"https:\/\/manoteises.lt\/atminimo-akmenys\/wp-json\/wp\/v2\/pages\/23385\/revisions"}],"predecessor-version":[{"id":23689,"href":"https:\/\/manoteises.lt\/atminimo-akmenys\/wp-json\/wp\/v2\/pages\/23385\/revisions\/23689"}],"up":[{"embeddable":true,"href":"https:\/\/manoteises.lt\/atminimo-akmenys\/wp-json\/wp\/v2\/pages\/23345"}],"wp:attachment":[{"href":"https:\/\/manoteises.lt\/atminimo-akmenys\/wp-json\/wp\/v2\/media?parent=23385"}],"curies":[{"name":"wp","href":"https:\/\/api.w.org\/{rel}","templated":true}]}}