{"id":23494,"date":"2022-07-11T15:43:29","date_gmt":"2022-07-11T12:43:29","guid":{"rendered":"https:\/\/manoteises.lt\/atminimo-akmenys\/?page_id=23494"},"modified":"2022-07-19T09:56:03","modified_gmt":"2022-07-19T06:56:03","slug":"boruchas-alperavicius","status":"publish","type":"page","link":"https:\/\/manoteises.lt\/atminimo-akmenys\/krakes\/boruchas-alperavicius\/","title":{"rendered":"Boruchas Alperavi\u010dius"},"content":{"rendered":"<h1>Boruchas Alperavi\u010dius<\/h1>\n<p><em>Atminimo akmuo Boruchui Alperavi\u010diui \u012frengtas V. Kudirkos g. 5, Krak\u0117se, K\u0117daini\u0173 raj.\u00a0<\/em><\/p>\n<p style=\"text-align: justify;\">Remiantis \u017emoni\u0173 pasakojimais, Krak\u0117se gyven\u0119s ir dirb\u0119s gydytojas Boruchas Alperavi\u010dius buvo ypatingai autoritetingas bei peln\u0119s \u017emoni\u0173 pasitik\u0117jim\u0105. \u012e j\u012f pagalbos kreipdavosi ne tik Kraki\u0173, bet ir apylinki\u0173 gyventojai, ligonius priimdavo bet kuriuo paros metu<\/p>\n<p style=\"text-align: justify;\">Gydytojas B. Alperavi\u010dius gim\u0117 1989 m., tur\u0117jo \u0161eim\u0105 \u2013 \u017emona Sonya, vaikai Dowyd-Elieser ir Maksas.<\/p>\n<p style=\"text-align: justify;\">1941 m. rugs\u0117jo 2 d. jo \u0161eima buvo nu\u017eudyta \u0161alia Kraki\u0173 esan\u010diame <a href=\"https:\/\/manoteises.lt\/atminimo-akmenys\/krakes\/\" target=\"_blank\" rel=\"noopener noreferrer\">Pe\u0161tiniuk\u0173 kaime<\/a>. Remiantis \u017emoni\u0173 pasakojimais, pats gydytojas buvo nu\u0161autas dien\u0105 prie\u0161, pa\u010diose Krak\u0117se.<\/p>\n<p style=\"text-align: justify;\">Atminimo akmuo B. Alperavi\u010diui \u012frengtas \u0161alia namo, kur\u00a0 gydytojas dirbo ir gyd\u0117 \u017emones. B. Alperavi\u010diaus\u00a0atminimas \u012fam\u017eintas Kraki\u0173 kult\u016bros centro darbuotoj\u0173 Roberto, Daivos ir Aist\u0117s Dubink\u0173 iniciatyva, finansuojant K\u0117daini\u0173 r. savivaldybei.<\/p>\n","protected":false},"excerpt":{"rendered":"<p>Boruchas Alperavi\u010dius Atminimo akmuo Boruchui Alperavi\u010diui \u012frengtas V. Kudirkos g. 5, Krak\u0117se, K\u0117daini\u0173 raj.\u00a0 Remiantis \u017emoni\u0173 pasakojimais, Krak\u0117se gyven\u0119s ir dirb\u0119s gydytojas Boruchas Alperavi\u010dius buvo ypatingai autoritetingas bei peln\u0119s \u017emoni\u0173 pasitik\u0117jim\u0105. \u012e j\u012f pagalbos kreipdavosi ne tik Kraki\u0173, bet ir apylinki\u0173 gyventojai, ligonius priimdavo bet kuriuo paros metu Gydytojas B. Alperavi\u010dius gim\u0117 1989 m., tur\u0117jo<\/p>\n","protected":false},"author":15,"featured_media":0,"parent":23452,"menu_order":0,"comment_status":"closed","ping_status":"closed","template":"page-akmenys-vidinis.php","meta":{"_acf_changed":false,"footnotes":""},"class_list":["post-23494","page","type-page","status-publish","hentry"],"acf":[],"yoast_head":"<!-- This site is optimized with the Yoast SEO plugin v26.9 - https:\/\/yoast.com\/product\/yoast-seo-wordpress\/ -->\n<title>Boruchas Alperavi\u010dius - Atminimo akmenys<\/title>\n<meta name=\"description\" content=\"Krak\u0117s, Boruchas Alperavi\u010dius, K\u0117daini\u0173 rajonas, Holokaustas Lietuvoje, \u017eydai, Lietuvos \u017eydai, Atminimo akmenys\" \/>\n<meta name=\"robots\" content=\"index, follow, max-snippet:-1, max-image-preview:large, max-video-preview:-1\" \/>\n<link rel=\"canonical\" href=\"https:\/\/manoteises.lt\/atminimo-akmenys\/krakes\/boruchas-alperavicius\/\" \/>\n<meta name=\"twitter:label1\" content=\"Est. reading time\" \/>\n\t<meta name=\"twitter:data1\" content=\"1 minute\" \/>\n<script type=\"application\/ld+json\" class=\"yoast-schema-graph\">{\"@context\":\"https:\/\/schema.org\",\"@graph\":[{\"@type\":\"WebPage\",\"@id\":\"https:\/\/manoteises.lt\/atminimo-akmenys\/krakes\/boruchas-alperavicius\/\",\"url\":\"https:\/\/manoteises.lt\/atminimo-akmenys\/krakes\/boruchas-alperavicius\/\",\"name\":\"Boruchas Alperavi\u010dius\",\"isPartOf\":{\"@id\":\"https:\/\/manoteises.lt\/atminimo-akmenys\/#website\"},\"datePublished\":\"2022-07-11T12:43:29+00:00\",\"dateModified\":\"2022-07-19T06:56:03+00:00\",\"description\":\"Krak\u0117s, Boruchas Alperavi\u010dius, K\u0117daini\u0173 rajonas, Holokaustas Lietuvoje, \u017eydai, Lietuvos \u017eydai, Atminimo akmenys\",\"breadcrumb\":{\"@id\":\"https:\/\/manoteises.lt\/atminimo-akmenys\/krakes\/boruchas-alperavicius\/#breadcrumb\"},\"inLanguage\":\"en-US\",\"potentialAction\":[{\"@type\":\"ReadAction\",\"target\":[\"https:\/\/manoteises.lt\/atminimo-akmenys\/krakes\/boruchas-alperavicius\/\"]}]},{\"@type\":\"BreadcrumbList\",\"@id\":\"https:\/\/manoteises.lt\/atminimo-akmenys\/krakes\/boruchas-alperavicius\/#breadcrumb\",\"itemListElement\":[{\"@type\":\"ListItem\",\"position\":1,\"name\":\"Home\",\"item\":\"https:\/\/manoteises.lt\/atminimo-akmenys\/\"},{\"@type\":\"ListItem\",\"position\":2,\"name\":\"Krak\u0117s (K\u0117daini\u0173 raj.)\",\"item\":\"https:\/\/manoteises.lt\/atminimo-akmenys\/krakes\/\"},{\"@type\":\"ListItem\",\"position\":3,\"name\":\"Boruchas Alperavi\u010dius\"}]},{\"@type\":\"WebSite\",\"@id\":\"https:\/\/manoteises.lt\/atminimo-akmenys\/#website\",\"url\":\"https:\/\/manoteises.lt\/atminimo-akmenys\/\",\"name\":\"Atminimo akmenys\",\"description\":\"\",\"potentialAction\":[{\"@type\":\"SearchAction\",\"target\":{\"@type\":\"EntryPoint\",\"urlTemplate\":\"https:\/\/manoteises.lt\/atminimo-akmenys\/?s={search_term_string}\"},\"query-input\":{\"@type\":\"PropertyValueSpecification\",\"valueRequired\":true,\"valueName\":\"search_term_string\"}}],\"inLanguage\":\"en-US\"}]}<\/script>\n<!-- \/ Yoast SEO plugin. -->","yoast_head_json":{"title":"Boruchas Alperavi\u010dius - Atminimo akmenys","description":"Krak\u0117s, Boruchas Alperavi\u010dius, K\u0117daini\u0173 rajonas, Holokaustas Lietuvoje, \u017eydai, Lietuvos \u017eydai, Atminimo akmenys","robots":{"index":"index","follow":"follow","max-snippet":"max-snippet:-1","max-image-preview":"max-image-preview:large","max-video-preview":"max-video-preview:-1"},"canonical":"https:\/\/manoteises.lt\/atminimo-akmenys\/krakes\/boruchas-alperavicius\/","twitter_misc":{"Est. reading time":"1 minute"},"schema":{"@context":"https:\/\/schema.org","@graph":[{"@type":"WebPage","@id":"https:\/\/manoteises.lt\/atminimo-akmenys\/krakes\/boruchas-alperavicius\/","url":"https:\/\/manoteises.lt\/atminimo-akmenys\/krakes\/boruchas-alperavicius\/","name":"Boruchas Alperavi\u010dius","isPartOf":{"@id":"https:\/\/manoteises.lt\/atminimo-akmenys\/#website"},"datePublished":"2022-07-11T12:43:29+00:00","dateModified":"2022-07-19T06:56:03+00:00","description":"Krak\u0117s, Boruchas Alperavi\u010dius, K\u0117daini\u0173 rajonas, Holokaustas Lietuvoje, \u017eydai, Lietuvos \u017eydai, Atminimo akmenys","breadcrumb":{"@id":"https:\/\/manoteises.lt\/atminimo-akmenys\/krakes\/boruchas-alperavicius\/#breadcrumb"},"inLanguage":"en-US","potentialAction":[{"@type":"ReadAction","target":["https:\/\/manoteises.lt\/atminimo-akmenys\/krakes\/boruchas-alperavicius\/"]}]},{"@type":"BreadcrumbList","@id":"https:\/\/manoteises.lt\/atminimo-akmenys\/krakes\/boruchas-alperavicius\/#breadcrumb","itemListElement":[{"@type":"ListItem","position":1,"name":"Home","item":"https:\/\/manoteises.lt\/atminimo-akmenys\/"},{"@type":"ListItem","position":2,"name":"Krak\u0117s (K\u0117daini\u0173 raj.)","item":"https:\/\/manoteises.lt\/atminimo-akmenys\/krakes\/"},{"@type":"ListItem","position":3,"name":"Boruchas Alperavi\u010dius"}]},{"@type":"WebSite","@id":"https:\/\/manoteises.lt\/atminimo-akmenys\/#website","url":"https:\/\/manoteises.lt\/atminimo-akmenys\/","name":"Atminimo akmenys","description":"","potentialAction":[{"@type":"SearchAction","target":{"@type":"EntryPoint","urlTemplate":"https:\/\/manoteises.lt\/atminimo-akmenys\/?s={search_term_string}"},"query-input":{"@type":"PropertyValueSpecification","valueRequired":true,"valueName":"search_term_string"}}],"inLanguage":"en-US"}]}},"_links":{"self":[{"href":"https:\/\/manoteises.lt\/atminimo-akmenys\/wp-json\/wp\/v2\/pages\/23494","targetHints":{"allow":["GET"]}}],"collection":[{"href":"https:\/\/manoteises.lt\/atminimo-akmenys\/wp-json\/wp\/v2\/pages"}],"about":[{"href":"https:\/\/manoteises.lt\/atminimo-akmenys\/wp-json\/wp\/v2\/types\/page"}],"author":[{"embeddable":true,"href":"https:\/\/manoteises.lt\/atminimo-akmenys\/wp-json\/wp\/v2\/users\/15"}],"replies":[{"embeddable":true,"href":"https:\/\/manoteises.lt\/atminimo-akmenys\/wp-json\/wp\/v2\/comments?post=23494"}],"version-history":[{"count":4,"href":"https:\/\/manoteises.lt\/atminimo-akmenys\/wp-json\/wp\/v2\/pages\/23494\/revisions"}],"predecessor-version":[{"id":23700,"href":"https:\/\/manoteises.lt\/atminimo-akmenys\/wp-json\/wp\/v2\/pages\/23494\/revisions\/23700"}],"up":[{"embeddable":true,"href":"https:\/\/manoteises.lt\/atminimo-akmenys\/wp-json\/wp\/v2\/pages\/23452"}],"wp:attachment":[{"href":"https:\/\/manoteises.lt\/atminimo-akmenys\/wp-json\/wp\/v2\/media?parent=23494"}],"curies":[{"name":"wp","href":"https:\/\/api.w.org\/{rel}","templated":true}]}}