{"id":23546,"date":"2022-07-12T15:12:25","date_gmt":"2022-07-12T12:12:25","guid":{"rendered":"https:\/\/manoteises.lt\/atminimo-akmenys\/?page_id=23546"},"modified":"2022-07-12T15:12:25","modified_gmt":"2022-07-12T12:12:25","slug":"jokubas-seras","status":"publish","type":"page","link":"https:\/\/manoteises.lt\/atminimo-akmenys\/vilnius\/jokubas-seras\/","title":{"rendered":"Jok\u016bbas \u0160eras"},"content":{"rendered":"<h1><strong>Jok\u016bbas \u0160eras <\/strong><\/h1>\n<p><strong>(1890\u20131944)<\/strong><\/p>\n<p style=\"text-align: justify;\">Tapytojas, ypa\u010d vertintas u\u017e \u012ftaigius senojo Vilniaus vaizdus. Vis\u0105 gyvenim\u0105 dirbo pedagogin\u012f darb\u0105 mokydamas dail\u0117s pagrind\u0173 vaikus ir paauglius. Mok\u0117si Ivano Ribakovo pie\u0161imo mokykloje, priklaus\u0117 \u012fvairioms dailinink\u0173 draugijoms, 1925\u20131939 Vilniaus \u017eyd\u0173 dailinink\u0173 draugijos vicepirmininkas. \u012ekalintas gete dalyvavo kult\u016brin\u0117je veikloje, apipavidalino geto spektakli\u0173, sureng\u0117 k\u016brybos parod\u0105, \u017eyd\u0173 ir vokie\u010di\u0173 u\u017esakymu nutap\u0117 Vilniaus senamies\u010dio vaizd\u0173. Likviduojant get\u0105 i\u0161ve\u017etas \u012f Estij\u0105, mir\u0117 Vaivaros koncentracijos stovykloje. \u017denklas i\u0328rengiamas Sniego ir Gudu\u0328 g. sankry\u017eoje ant \u0161aligatvio prie skvero ties gyvenamuoju namu Pelesos g. 47 (namas buve\u0328s adresas Igno Danilevic\u030ciaus g. = Sniego g. 6-3, kuriuose dailininkas buvo registruotas 1941 02 12, nei\u0161like\u0328s).<\/p>\n","protected":false},"excerpt":{"rendered":"<p>Jok\u016bbas \u0160eras (1890\u20131944) Tapytojas, ypa\u010d vertintas u\u017e \u012ftaigius senojo Vilniaus vaizdus. Vis\u0105 gyvenim\u0105 dirbo pedagogin\u012f darb\u0105 mokydamas dail\u0117s pagrind\u0173 vaikus ir paauglius. Mok\u0117si Ivano Ribakovo pie\u0161imo mokykloje, priklaus\u0117 \u012fvairioms dailinink\u0173 draugijoms, 1925\u20131939 Vilniaus \u017eyd\u0173 dailinink\u0173 draugijos vicepirmininkas. \u012ekalintas gete dalyvavo kult\u016brin\u0117je veikloje, apipavidalino geto spektakli\u0173, sureng\u0117 k\u016brybos parod\u0105, \u017eyd\u0173 ir vokie\u010di\u0173 u\u017esakymu nutap\u0117 Vilniaus senamies\u010dio<\/p>\n","protected":false},"author":15,"featured_media":0,"parent":10958,"menu_order":0,"comment_status":"closed","ping_status":"closed","template":"page-akmenys-vidinis.php","meta":{"_acf_changed":false,"footnotes":""},"class_list":["post-23546","page","type-page","status-publish","hentry"],"acf":[],"yoast_head":"<!-- This site is optimized with the Yoast SEO plugin v26.9 - https:\/\/yoast.com\/product\/yoast-seo-wordpress\/ -->\n<title>Jok\u016bbas \u0160eras &#8211; Atminimo akmenys<\/title>\n<meta name=\"robots\" content=\"index, follow, max-snippet:-1, max-image-preview:large, max-video-preview:-1\" \/>\n<link rel=\"canonical\" href=\"https:\/\/manoteises.lt\/atminimo-akmenys\/vilnius\/jokubas-seras\/\" \/>\n<meta name=\"twitter:label1\" content=\"Est. reading time\" \/>\n\t<meta name=\"twitter:data1\" content=\"1 minute\" \/>\n<script type=\"application\/ld+json\" class=\"yoast-schema-graph\">{\"@context\":\"https:\/\/schema.org\",\"@graph\":[{\"@type\":\"WebPage\",\"@id\":\"https:\/\/manoteises.lt\/atminimo-akmenys\/vilnius\/jokubas-seras\/\",\"url\":\"https:\/\/manoteises.lt\/atminimo-akmenys\/vilnius\/jokubas-seras\/\",\"name\":\"Jok\u016bbas \u0160eras &#8211; Atminimo akmenys\",\"isPartOf\":{\"@id\":\"https:\/\/manoteises.lt\/atminimo-akmenys\/#website\"},\"datePublished\":\"2022-07-12T12:12:25+00:00\",\"breadcrumb\":{\"@id\":\"https:\/\/manoteises.lt\/atminimo-akmenys\/vilnius\/jokubas-seras\/#breadcrumb\"},\"inLanguage\":\"en-US\",\"potentialAction\":[{\"@type\":\"ReadAction\",\"target\":[\"https:\/\/manoteises.lt\/atminimo-akmenys\/vilnius\/jokubas-seras\/\"]}]},{\"@type\":\"BreadcrumbList\",\"@id\":\"https:\/\/manoteises.lt\/atminimo-akmenys\/vilnius\/jokubas-seras\/#breadcrumb\",\"itemListElement\":[{\"@type\":\"ListItem\",\"position\":1,\"name\":\"Home\",\"item\":\"https:\/\/manoteises.lt\/atminimo-akmenys\/\"},{\"@type\":\"ListItem\",\"position\":2,\"name\":\"Vilnius\",\"item\":\"https:\/\/manoteises.lt\/atminimo-akmenys\/vilnius\/\"},{\"@type\":\"ListItem\",\"position\":3,\"name\":\"Jok\u016bbas \u0160eras\"}]},{\"@type\":\"WebSite\",\"@id\":\"https:\/\/manoteises.lt\/atminimo-akmenys\/#website\",\"url\":\"https:\/\/manoteises.lt\/atminimo-akmenys\/\",\"name\":\"Atminimo akmenys\",\"description\":\"\",\"potentialAction\":[{\"@type\":\"SearchAction\",\"target\":{\"@type\":\"EntryPoint\",\"urlTemplate\":\"https:\/\/manoteises.lt\/atminimo-akmenys\/?s={search_term_string}\"},\"query-input\":{\"@type\":\"PropertyValueSpecification\",\"valueRequired\":true,\"valueName\":\"search_term_string\"}}],\"inLanguage\":\"en-US\"}]}<\/script>\n<!-- \/ Yoast SEO plugin. -->","yoast_head_json":{"title":"Jok\u016bbas \u0160eras &#8211; Atminimo akmenys","robots":{"index":"index","follow":"follow","max-snippet":"max-snippet:-1","max-image-preview":"max-image-preview:large","max-video-preview":"max-video-preview:-1"},"canonical":"https:\/\/manoteises.lt\/atminimo-akmenys\/vilnius\/jokubas-seras\/","twitter_misc":{"Est. reading time":"1 minute"},"schema":{"@context":"https:\/\/schema.org","@graph":[{"@type":"WebPage","@id":"https:\/\/manoteises.lt\/atminimo-akmenys\/vilnius\/jokubas-seras\/","url":"https:\/\/manoteises.lt\/atminimo-akmenys\/vilnius\/jokubas-seras\/","name":"Jok\u016bbas \u0160eras &#8211; Atminimo akmenys","isPartOf":{"@id":"https:\/\/manoteises.lt\/atminimo-akmenys\/#website"},"datePublished":"2022-07-12T12:12:25+00:00","breadcrumb":{"@id":"https:\/\/manoteises.lt\/atminimo-akmenys\/vilnius\/jokubas-seras\/#breadcrumb"},"inLanguage":"en-US","potentialAction":[{"@type":"ReadAction","target":["https:\/\/manoteises.lt\/atminimo-akmenys\/vilnius\/jokubas-seras\/"]}]},{"@type":"BreadcrumbList","@id":"https:\/\/manoteises.lt\/atminimo-akmenys\/vilnius\/jokubas-seras\/#breadcrumb","itemListElement":[{"@type":"ListItem","position":1,"name":"Home","item":"https:\/\/manoteises.lt\/atminimo-akmenys\/"},{"@type":"ListItem","position":2,"name":"Vilnius","item":"https:\/\/manoteises.lt\/atminimo-akmenys\/vilnius\/"},{"@type":"ListItem","position":3,"name":"Jok\u016bbas \u0160eras"}]},{"@type":"WebSite","@id":"https:\/\/manoteises.lt\/atminimo-akmenys\/#website","url":"https:\/\/manoteises.lt\/atminimo-akmenys\/","name":"Atminimo akmenys","description":"","potentialAction":[{"@type":"SearchAction","target":{"@type":"EntryPoint","urlTemplate":"https:\/\/manoteises.lt\/atminimo-akmenys\/?s={search_term_string}"},"query-input":{"@type":"PropertyValueSpecification","valueRequired":true,"valueName":"search_term_string"}}],"inLanguage":"en-US"}]}},"_links":{"self":[{"href":"https:\/\/manoteises.lt\/atminimo-akmenys\/wp-json\/wp\/v2\/pages\/23546","targetHints":{"allow":["GET"]}}],"collection":[{"href":"https:\/\/manoteises.lt\/atminimo-akmenys\/wp-json\/wp\/v2\/pages"}],"about":[{"href":"https:\/\/manoteises.lt\/atminimo-akmenys\/wp-json\/wp\/v2\/types\/page"}],"author":[{"embeddable":true,"href":"https:\/\/manoteises.lt\/atminimo-akmenys\/wp-json\/wp\/v2\/users\/15"}],"replies":[{"embeddable":true,"href":"https:\/\/manoteises.lt\/atminimo-akmenys\/wp-json\/wp\/v2\/comments?post=23546"}],"version-history":[{"count":1,"href":"https:\/\/manoteises.lt\/atminimo-akmenys\/wp-json\/wp\/v2\/pages\/23546\/revisions"}],"predecessor-version":[{"id":23552,"href":"https:\/\/manoteises.lt\/atminimo-akmenys\/wp-json\/wp\/v2\/pages\/23546\/revisions\/23552"}],"up":[{"embeddable":true,"href":"https:\/\/manoteises.lt\/atminimo-akmenys\/wp-json\/wp\/v2\/pages\/10958"}],"wp:attachment":[{"href":"https:\/\/manoteises.lt\/atminimo-akmenys\/wp-json\/wp\/v2\/media?parent=23546"}],"curies":[{"name":"wp","href":"https:\/\/api.w.org\/{rel}","templated":true}]}}