{"id":23967,"date":"2022-09-21T17:51:03","date_gmt":"2022-09-21T14:51:03","guid":{"rendered":"https:\/\/manoteises.lt\/atminimo-akmenys\/?page_id=23967"},"modified":"2023-03-30T19:27:54","modified_gmt":"2023-03-30T16:27:54","slug":"prienai","status":"publish","type":"page","link":"https:\/\/manoteises.lt\/atminimo-akmenys\/prienai\/","title":{"rendered":"Prienai"},"content":{"rendered":"<p>\u017dydai Prienuose prad\u0117jo kurtis dar XVI a., \u017einoma, kad XVIII a. buvo pastatyta medin\u0117 sinagoga.<\/p>\n<p>1897 m. visuotinio gyventoj\u0173 sura\u0161ymo duomenimis Prienuose gyveno 1190 \u017eyd\u0173, jie sudar\u0117 48 proc. gyventoj\u0173. Vert\u0117si amatais ir prekyba, u\u017esi\u0117m\u0117 labdaringa veikla, aktyviai dalyvavo miestelio politiniame gyvenime, buvo renkami \u012f Prien\u0173 miesto taryb\u0105.<\/p>\n<p>1941 m. rugpj\u016b\u010dio viduryje \u012f Prienus buvo suve\u017eti aplinkini\u0173 miesteli\u0173 \u2013 Balbieri\u0161ko, Bir\u0161tono, Jiezno, Stakli\u0161ki\u0173 ir Veiveri\u0173 \u017eydai. \u017dmon\u0117s laikyti Prien\u0173 kareivin\u0117se.<\/p>\n<p>1941 m. rugpj\u016b\u010dio 27 dien\u0105 visi Prien\u0173 ir aplinkini\u0173 miesteli\u0173 \u017eydai buvo su\u0161audyti \u0161alia kareivini\u0173 esan\u010diame pu\u0161yn\u0117lyje, i\u0161 viso nu\u017eudyti 1078 \u017emon\u0117s. \u017dudynes vykd\u0117 Hamanno skrajojantis b\u016brys \u2013 I-jo bataliono 3 \u2013 ioji kuopa, pasmerktuosius saugojo ir konvojavo vietos policija ir baltarai\u0161\u010diai.<\/p>\n<p>Atminimo akmenys Prienuose \u012frengti Bencionui Benui \u0160akovui ir Libei Genei \u0160akovienei-Kacaitei (Vytauto g. 11) atminti. \u012erengim\u0105 inicijavo Joalita Jurkevi\u010dien\u0117, Janina Leonavi\u010dien\u0117- Paplauskait\u0117 ir Prien\u0173 rajono savivaldyb\u0117.<\/p>\n","protected":false},"excerpt":{"rendered":"<p>\u017dydai Prienuose prad\u0117jo kurtis dar XVI a., \u017einoma, kad XVIII a. buvo pastatyta medin\u0117 sinagoga. 1897 m. visuotinio gyventoj\u0173 sura\u0161ymo duomenimis Prienuose gyveno 1190 \u017eyd\u0173, jie sudar\u0117 48 proc. gyventoj\u0173. Vert\u0117si amatais ir prekyba, u\u017esi\u0117m\u0117 labdaringa veikla, aktyviai dalyvavo miestelio politiniame gyvenime, buvo renkami \u012f Prien\u0173 miesto taryb\u0105. 1941 m. rugpj\u016b\u010dio viduryje \u012f Prienus buvo<\/p>\n","protected":false},"author":15,"featured_media":0,"parent":0,"menu_order":10,"comment_status":"closed","ping_status":"closed","template":"page-akmenys-miestas.php","meta":{"_acf_changed":false,"footnotes":""},"class_list":["post-23967","page","type-page","status-publish","hentry"],"acf":[],"yoast_head":"<!-- This site is optimized with the Yoast SEO plugin v26.9 - https:\/\/yoast.com\/product\/yoast-seo-wordpress\/ -->\n<title>Prienai &#8211; Atminimo akmenys<\/title>\n<meta name=\"robots\" content=\"index, follow, max-snippet:-1, max-image-preview:large, max-video-preview:-1\" \/>\n<link rel=\"canonical\" href=\"https:\/\/manoteises.lt\/atminimo-akmenys\/prienai\/\" \/>\n<meta name=\"twitter:label1\" content=\"Est. reading time\" \/>\n\t<meta name=\"twitter:data1\" content=\"1 minute\" \/>\n<script type=\"application\/ld+json\" class=\"yoast-schema-graph\">{\"@context\":\"https:\/\/schema.org\",\"@graph\":[{\"@type\":\"WebPage\",\"@id\":\"https:\/\/manoteises.lt\/atminimo-akmenys\/prienai\/\",\"url\":\"https:\/\/manoteises.lt\/atminimo-akmenys\/prienai\/\",\"name\":\"Prienai &#8211; Atminimo akmenys\",\"isPartOf\":{\"@id\":\"https:\/\/manoteises.lt\/atminimo-akmenys\/#website\"},\"datePublished\":\"2022-09-21T14:51:03+00:00\",\"dateModified\":\"2023-03-30T16:27:54+00:00\",\"breadcrumb\":{\"@id\":\"https:\/\/manoteises.lt\/atminimo-akmenys\/prienai\/#breadcrumb\"},\"inLanguage\":\"en-US\",\"potentialAction\":[{\"@type\":\"ReadAction\",\"target\":[\"https:\/\/manoteises.lt\/atminimo-akmenys\/prienai\/\"]}]},{\"@type\":\"BreadcrumbList\",\"@id\":\"https:\/\/manoteises.lt\/atminimo-akmenys\/prienai\/#breadcrumb\",\"itemListElement\":[{\"@type\":\"ListItem\",\"position\":1,\"name\":\"Home\",\"item\":\"https:\/\/manoteises.lt\/atminimo-akmenys\/\"},{\"@type\":\"ListItem\",\"position\":2,\"name\":\"Prienai\"}]},{\"@type\":\"WebSite\",\"@id\":\"https:\/\/manoteises.lt\/atminimo-akmenys\/#website\",\"url\":\"https:\/\/manoteises.lt\/atminimo-akmenys\/\",\"name\":\"Atminimo akmenys\",\"description\":\"\",\"potentialAction\":[{\"@type\":\"SearchAction\",\"target\":{\"@type\":\"EntryPoint\",\"urlTemplate\":\"https:\/\/manoteises.lt\/atminimo-akmenys\/?s={search_term_string}\"},\"query-input\":{\"@type\":\"PropertyValueSpecification\",\"valueRequired\":true,\"valueName\":\"search_term_string\"}}],\"inLanguage\":\"en-US\"}]}<\/script>\n<!-- \/ Yoast SEO plugin. -->","yoast_head_json":{"title":"Prienai &#8211; Atminimo akmenys","robots":{"index":"index","follow":"follow","max-snippet":"max-snippet:-1","max-image-preview":"max-image-preview:large","max-video-preview":"max-video-preview:-1"},"canonical":"https:\/\/manoteises.lt\/atminimo-akmenys\/prienai\/","twitter_misc":{"Est. reading time":"1 minute"},"schema":{"@context":"https:\/\/schema.org","@graph":[{"@type":"WebPage","@id":"https:\/\/manoteises.lt\/atminimo-akmenys\/prienai\/","url":"https:\/\/manoteises.lt\/atminimo-akmenys\/prienai\/","name":"Prienai &#8211; Atminimo akmenys","isPartOf":{"@id":"https:\/\/manoteises.lt\/atminimo-akmenys\/#website"},"datePublished":"2022-09-21T14:51:03+00:00","dateModified":"2023-03-30T16:27:54+00:00","breadcrumb":{"@id":"https:\/\/manoteises.lt\/atminimo-akmenys\/prienai\/#breadcrumb"},"inLanguage":"en-US","potentialAction":[{"@type":"ReadAction","target":["https:\/\/manoteises.lt\/atminimo-akmenys\/prienai\/"]}]},{"@type":"BreadcrumbList","@id":"https:\/\/manoteises.lt\/atminimo-akmenys\/prienai\/#breadcrumb","itemListElement":[{"@type":"ListItem","position":1,"name":"Home","item":"https:\/\/manoteises.lt\/atminimo-akmenys\/"},{"@type":"ListItem","position":2,"name":"Prienai"}]},{"@type":"WebSite","@id":"https:\/\/manoteises.lt\/atminimo-akmenys\/#website","url":"https:\/\/manoteises.lt\/atminimo-akmenys\/","name":"Atminimo akmenys","description":"","potentialAction":[{"@type":"SearchAction","target":{"@type":"EntryPoint","urlTemplate":"https:\/\/manoteises.lt\/atminimo-akmenys\/?s={search_term_string}"},"query-input":{"@type":"PropertyValueSpecification","valueRequired":true,"valueName":"search_term_string"}}],"inLanguage":"en-US"}]}},"_links":{"self":[{"href":"https:\/\/manoteises.lt\/atminimo-akmenys\/wp-json\/wp\/v2\/pages\/23967","targetHints":{"allow":["GET"]}}],"collection":[{"href":"https:\/\/manoteises.lt\/atminimo-akmenys\/wp-json\/wp\/v2\/pages"}],"about":[{"href":"https:\/\/manoteises.lt\/atminimo-akmenys\/wp-json\/wp\/v2\/types\/page"}],"author":[{"embeddable":true,"href":"https:\/\/manoteises.lt\/atminimo-akmenys\/wp-json\/wp\/v2\/users\/15"}],"replies":[{"embeddable":true,"href":"https:\/\/manoteises.lt\/atminimo-akmenys\/wp-json\/wp\/v2\/comments?post=23967"}],"version-history":[{"count":9,"href":"https:\/\/manoteises.lt\/atminimo-akmenys\/wp-json\/wp\/v2\/pages\/23967\/revisions"}],"predecessor-version":[{"id":24060,"href":"https:\/\/manoteises.lt\/atminimo-akmenys\/wp-json\/wp\/v2\/pages\/23967\/revisions\/24060"}],"wp:attachment":[{"href":"https:\/\/manoteises.lt\/atminimo-akmenys\/wp-json\/wp\/v2\/media?parent=23967"}],"curies":[{"name":"wp","href":"https:\/\/api.w.org\/{rel}","templated":true}]}}