{"id":24030,"date":"2023-03-30T18:34:29","date_gmt":"2023-03-30T15:34:29","guid":{"rendered":"https:\/\/manoteises.lt\/atminimo-akmenys\/?page_id=24030"},"modified":"2023-03-30T18:39:18","modified_gmt":"2023-03-30T15:39:18","slug":"mose-rachele-miriam-libe-minda-naftalis-maksas-zivai","status":"publish","type":"page","link":"https:\/\/manoteises.lt\/atminimo-akmenys\/sveksna\/mose-rachele-miriam-libe-minda-naftalis-maksas-zivai\/","title":{"rendered":"Mo\u0161\u0117, Rachel\u0117, Miriam, Lib\u0117, Minda, Naftalis, Maksas Zivai"},"content":{"rendered":"<p>Atminimo akmenys Ziv\u0173 \u0161eimai \u012frengti Liep\u0173 a. 23, \u0160v\u0117k\u0161noje.<\/p>\n<p>Mo\u0161\u0117 Zivas ir jo \u0161eima gyveno \u0160v\u0117k\u0161nos centre ir tur\u0117j\u0119 audini\u0173 parduotuv\u0119. Ziv\u0173 \u0161eima skaud\u017eiai nukent\u0117jo Holokausto metu.<\/p>\n<p>Mo\u0161\u0117 Zivas gim\u0117 1872 m., \u0160iaudvie\u010di\u0173 kaime, susituok\u0117 su Rachele Pe\u0161e Kromaite Ziviene, gimusia 1883 m. Susilauk\u0117 penki\u0173 vaik\u0173 \u2013 Miriam, Lib\u0117s (abi gim. 1914 m.), Mindos (gim. 1918 m.), \u00a0Naftalio (gim. 1924 m.) ir Makso.<\/p>\n<p>1941 m. bir\u017eelio 28 dien\u0105 Naftalis ir Mo\u0161\u0117 Zivai buvo i\u0161ve\u017eti \u012f darbo stovykl\u0105 Mei\u0161lauki\u0173 kaime. Po poros m\u0117nesi\u0173 darbo stovykloje Mo\u0161\u0117 Zivas buvo i\u0161ve\u017etas ir nu\u017eudytas \u0160iaudvie\u010di\u0173 kaime. Rugs\u0117jo 20 d. Rachel\u0117 Zivien\u0117 ir Minda Zivait\u0117 buvo nu\u017eudytos mi\u0161kelyje prie Inkali\u0173. Miriam Zivait\u0117 karo metu gyveno Vilniuje, dirbo mokytoja. Ji pateko \u012f Vilniaus get\u0105, v\u0117liau, likviduojant get\u0105, nu\u017eudyta Paneriuose.<br \/>\nI\u0161 \u0161eimos i\u0161gyveno Naftalis Zivas ir Lib\u0117 Zivait\u0117.<\/p>\n<p>1945 m. amerikie\u010di\u0173 kariuomen\u0117 i\u0161laisvino likusius gyvus kalinius i\u0161 Muldorfo stovyklos, tarp j\u0173 buvo ir Naftalis Zivas.<\/p>\n<p>Vokietijoje Naftalis \u012fgijo laboratorijos asistento specialyb\u0119, o 1950 m. i\u0161vyko \u012f Australij\u0105. Lib\u0117 Zivait\u0117 po karo gyveno Vilniuje, atsiradus galimybei, i\u0161vyko \u012f Izrael\u012f, kur suk\u016br\u0117 \u0161eim\u0105 ir gyveno vis\u0105 likus\u012f gyvenim\u0105.<\/p>\n<p>Atminimo akmen\u0173 \u012frengim\u0105 Ziv\u0173 \u0161eimai inicijavo \u0160ilut\u0117s Hugo \u0160ojaus muziejus.<\/p>\n","protected":false},"excerpt":{"rendered":"<p>Atminimo akmenys Ziv\u0173 \u0161eimai \u012frengti Liep\u0173 a. 23, \u0160v\u0117k\u0161noje. Mo\u0161\u0117 Zivas ir jo \u0161eima gyveno \u0160v\u0117k\u0161nos centre ir tur\u0117j\u0119 audini\u0173 parduotuv\u0119. Ziv\u0173 \u0161eima skaud\u017eiai nukent\u0117jo Holokausto metu. Mo\u0161\u0117 Zivas gim\u0117 1872 m., \u0160iaudvie\u010di\u0173 kaime, susituok\u0117 su Rachele Pe\u0161e Kromaite Ziviene, gimusia 1883 m. Susilauk\u0117 penki\u0173 vaik\u0173 \u2013 Miriam, Lib\u0117s (abi gim. 1914 m.), Mindos (gim.<\/p>\n","protected":false},"author":15,"featured_media":0,"parent":23705,"menu_order":0,"comment_status":"closed","ping_status":"closed","template":"page-akmenys-vidinis.php","meta":{"_acf_changed":false,"footnotes":""},"class_list":["post-24030","page","type-page","status-publish","hentry"],"acf":[],"yoast_head":"<!-- This site is optimized with the Yoast SEO plugin v26.9 - https:\/\/yoast.com\/product\/yoast-seo-wordpress\/ -->\n<title>Mo\u0161\u0117, Rachel\u0117, Miriam, Lib\u0117, Minda, Naftalis, Maksas Zivai &#8211; Atminimo akmenys<\/title>\n<meta name=\"robots\" content=\"index, follow, max-snippet:-1, max-image-preview:large, max-video-preview:-1\" \/>\n<link rel=\"canonical\" href=\"https:\/\/manoteises.lt\/atminimo-akmenys\/sveksna\/mose-rachele-miriam-libe-minda-naftalis-maksas-zivai\/\" \/>\n<meta name=\"twitter:label1\" content=\"Est. reading time\" \/>\n\t<meta name=\"twitter:data1\" content=\"1 minute\" \/>\n<script type=\"application\/ld+json\" class=\"yoast-schema-graph\">{\"@context\":\"https:\/\/schema.org\",\"@graph\":[{\"@type\":\"WebPage\",\"@id\":\"https:\/\/manoteises.lt\/atminimo-akmenys\/sveksna\/mose-rachele-miriam-libe-minda-naftalis-maksas-zivai\/\",\"url\":\"https:\/\/manoteises.lt\/atminimo-akmenys\/sveksna\/mose-rachele-miriam-libe-minda-naftalis-maksas-zivai\/\",\"name\":\"Mo\u0161\u0117, Rachel\u0117, Miriam, Lib\u0117, Minda, Naftalis, Maksas Zivai &#8211; Atminimo akmenys\",\"isPartOf\":{\"@id\":\"https:\/\/manoteises.lt\/atminimo-akmenys\/#website\"},\"datePublished\":\"2023-03-30T15:34:29+00:00\",\"dateModified\":\"2023-03-30T15:39:18+00:00\",\"breadcrumb\":{\"@id\":\"https:\/\/manoteises.lt\/atminimo-akmenys\/sveksna\/mose-rachele-miriam-libe-minda-naftalis-maksas-zivai\/#breadcrumb\"},\"inLanguage\":\"en-US\",\"potentialAction\":[{\"@type\":\"ReadAction\",\"target\":[\"https:\/\/manoteises.lt\/atminimo-akmenys\/sveksna\/mose-rachele-miriam-libe-minda-naftalis-maksas-zivai\/\"]}]},{\"@type\":\"BreadcrumbList\",\"@id\":\"https:\/\/manoteises.lt\/atminimo-akmenys\/sveksna\/mose-rachele-miriam-libe-minda-naftalis-maksas-zivai\/#breadcrumb\",\"itemListElement\":[{\"@type\":\"ListItem\",\"position\":1,\"name\":\"Home\",\"item\":\"https:\/\/manoteises.lt\/atminimo-akmenys\/\"},{\"@type\":\"ListItem\",\"position\":2,\"name\":\"\u0160v\u0117k\u0161na, \u0160ilut\u0117s raj.\",\"item\":\"https:\/\/manoteises.lt\/atminimo-akmenys\/sveksna\/\"},{\"@type\":\"ListItem\",\"position\":3,\"name\":\"Mo\u0161\u0117, Rachel\u0117, Miriam, Lib\u0117, Minda, Naftalis, Maksas Zivai\"}]},{\"@type\":\"WebSite\",\"@id\":\"https:\/\/manoteises.lt\/atminimo-akmenys\/#website\",\"url\":\"https:\/\/manoteises.lt\/atminimo-akmenys\/\",\"name\":\"Atminimo akmenys\",\"description\":\"\",\"potentialAction\":[{\"@type\":\"SearchAction\",\"target\":{\"@type\":\"EntryPoint\",\"urlTemplate\":\"https:\/\/manoteises.lt\/atminimo-akmenys\/?s={search_term_string}\"},\"query-input\":{\"@type\":\"PropertyValueSpecification\",\"valueRequired\":true,\"valueName\":\"search_term_string\"}}],\"inLanguage\":\"en-US\"}]}<\/script>\n<!-- \/ Yoast SEO plugin. -->","yoast_head_json":{"title":"Mo\u0161\u0117, Rachel\u0117, Miriam, Lib\u0117, Minda, Naftalis, Maksas Zivai &#8211; Atminimo akmenys","robots":{"index":"index","follow":"follow","max-snippet":"max-snippet:-1","max-image-preview":"max-image-preview:large","max-video-preview":"max-video-preview:-1"},"canonical":"https:\/\/manoteises.lt\/atminimo-akmenys\/sveksna\/mose-rachele-miriam-libe-minda-naftalis-maksas-zivai\/","twitter_misc":{"Est. reading time":"1 minute"},"schema":{"@context":"https:\/\/schema.org","@graph":[{"@type":"WebPage","@id":"https:\/\/manoteises.lt\/atminimo-akmenys\/sveksna\/mose-rachele-miriam-libe-minda-naftalis-maksas-zivai\/","url":"https:\/\/manoteises.lt\/atminimo-akmenys\/sveksna\/mose-rachele-miriam-libe-minda-naftalis-maksas-zivai\/","name":"Mo\u0161\u0117, Rachel\u0117, Miriam, Lib\u0117, Minda, Naftalis, Maksas Zivai &#8211; Atminimo akmenys","isPartOf":{"@id":"https:\/\/manoteises.lt\/atminimo-akmenys\/#website"},"datePublished":"2023-03-30T15:34:29+00:00","dateModified":"2023-03-30T15:39:18+00:00","breadcrumb":{"@id":"https:\/\/manoteises.lt\/atminimo-akmenys\/sveksna\/mose-rachele-miriam-libe-minda-naftalis-maksas-zivai\/#breadcrumb"},"inLanguage":"en-US","potentialAction":[{"@type":"ReadAction","target":["https:\/\/manoteises.lt\/atminimo-akmenys\/sveksna\/mose-rachele-miriam-libe-minda-naftalis-maksas-zivai\/"]}]},{"@type":"BreadcrumbList","@id":"https:\/\/manoteises.lt\/atminimo-akmenys\/sveksna\/mose-rachele-miriam-libe-minda-naftalis-maksas-zivai\/#breadcrumb","itemListElement":[{"@type":"ListItem","position":1,"name":"Home","item":"https:\/\/manoteises.lt\/atminimo-akmenys\/"},{"@type":"ListItem","position":2,"name":"\u0160v\u0117k\u0161na, \u0160ilut\u0117s raj.","item":"https:\/\/manoteises.lt\/atminimo-akmenys\/sveksna\/"},{"@type":"ListItem","position":3,"name":"Mo\u0161\u0117, Rachel\u0117, Miriam, Lib\u0117, Minda, Naftalis, Maksas Zivai"}]},{"@type":"WebSite","@id":"https:\/\/manoteises.lt\/atminimo-akmenys\/#website","url":"https:\/\/manoteises.lt\/atminimo-akmenys\/","name":"Atminimo akmenys","description":"","potentialAction":[{"@type":"SearchAction","target":{"@type":"EntryPoint","urlTemplate":"https:\/\/manoteises.lt\/atminimo-akmenys\/?s={search_term_string}"},"query-input":{"@type":"PropertyValueSpecification","valueRequired":true,"valueName":"search_term_string"}}],"inLanguage":"en-US"}]}},"_links":{"self":[{"href":"https:\/\/manoteises.lt\/atminimo-akmenys\/wp-json\/wp\/v2\/pages\/24030","targetHints":{"allow":["GET"]}}],"collection":[{"href":"https:\/\/manoteises.lt\/atminimo-akmenys\/wp-json\/wp\/v2\/pages"}],"about":[{"href":"https:\/\/manoteises.lt\/atminimo-akmenys\/wp-json\/wp\/v2\/types\/page"}],"author":[{"embeddable":true,"href":"https:\/\/manoteises.lt\/atminimo-akmenys\/wp-json\/wp\/v2\/users\/15"}],"replies":[{"embeddable":true,"href":"https:\/\/manoteises.lt\/atminimo-akmenys\/wp-json\/wp\/v2\/comments?post=24030"}],"version-history":[{"count":2,"href":"https:\/\/manoteises.lt\/atminimo-akmenys\/wp-json\/wp\/v2\/pages\/24030\/revisions"}],"predecessor-version":[{"id":24041,"href":"https:\/\/manoteises.lt\/atminimo-akmenys\/wp-json\/wp\/v2\/pages\/24030\/revisions\/24041"}],"up":[{"embeddable":true,"href":"https:\/\/manoteises.lt\/atminimo-akmenys\/wp-json\/wp\/v2\/pages\/23705"}],"wp:attachment":[{"href":"https:\/\/manoteises.lt\/atminimo-akmenys\/wp-json\/wp\/v2\/media?parent=24030"}],"curies":[{"name":"wp","href":"https:\/\/api.w.org\/{rel}","templated":true}]}}